CRAN Package Check Results for Package TDAmapper

Last updated on 2020-01-27 00:48:25 CET.

Flavor Version Tinstall Tcheck Ttotal Status Flags
r-devel-linux-x86_64-debian-clang 1.0 2.19 18.28 20.47 NOTE
r-devel-linux-x86_64-debian-gcc 1.0 1.64 14.55 16.19 NOTE
r-devel-linux-x86_64-fedora-clang 1.0 25.43 NOTE
r-devel-linux-x86_64-fedora-gcc 1.0 24.78 NOTE
r-devel-windows-ix86+x86_64 1.0 8.00 44.00 52.00 NOTE
r-devel-windows-ix86+x86_64-gcc8 1.0 7.00 42.00 49.00 NOTE
r-patched-linux-x86_64 1.0 1.50 17.08 18.58 NOTE
r-patched-solaris-x86 1.0 35.80 NOTE
r-release-linux-x86_64 1.0 1.68 16.71 18.39 NOTE
r-release-windows-ix86+x86_64 1.0 4.00 29.00 33.00 NOTE
r-release-osx-x86_64 1.0 NOTE
r-oldrel-windows-ix86+x86_64 1.0 3.00 32.00 35.00 NOTE
r-oldrel-osx-x86_64 1.0 NOTE

Check Details

Version: 1.0
Check: R code for possible problems
Result: NOTE
    cluster_cutoff_at_first_empty_bin: no visible global function
     definition for 'hist'
    mapper1D: no visible global function definition for 'dist'
    mapper1D: no visible global function definition for 'as.dist'
    mapper1D: no visible global function definition for 'hclust'
    mapper1D: no visible global function definition for 'cutree'
    mapper2D: no visible global function definition for 'dist'
    mapper2D: no visible global function definition for 'as.dist'
    mapper2D: no visible global function definition for 'hclust'
    mapper2D: no visible global function definition for 'cutree'
    Undefined global functions or variables:
     as.dist cutree dist hclust hist
    Consider adding
     importFrom("graphics", "hist")
     importFrom("stats", "as.dist", "cutree", "dist", "hclust")
    to your NAMESPACE file.
Flavors: r-devel-linux-x86_64-debian-clang, r-devel-linux-x86_64-debian-gcc, r-devel-linux-x86_64-fedora-clang, r-devel-linux-x86_64-fedora-gcc, r-devel-windows-ix86+x86_64, r-devel-windows-ix86+x86_64-gcc8, r-patched-linux-x86_64, r-patched-solaris-x86, r-release-linux-x86_64, r-release-windows-ix86+x86_64, r-release-osx-x86_64, r-oldrel-windows-ix86+x86_64, r-oldrel-osx-x86_64