CRAN Package Check Results for Package TCA

Last updated on 2019-09-20 01:47:57 CEST.

Flavor Version Tinstall Tcheck Ttotal Status Flags
r-devel-linux-x86_64-debian-clang 1.0.0 8.06 78.05 86.11 OK
r-devel-linux-x86_64-debian-gcc 1.0.0 6.69 59.59 66.28 OK
r-devel-linux-x86_64-fedora-clang 1.0.0 105.05 NOTE
r-devel-linux-x86_64-fedora-gcc 1.0.0 101.24 NOTE
r-devel-windows-ix86+x86_64 1.0.0 21.00 120.00 141.00 OK
r-patched-linux-x86_64 1.0.0 7.95 74.03 81.98 OK
r-patched-solaris-x86 1.0.0 152.40 NOTE
r-release-linux-x86_64 1.0.0 7.11 75.40 82.51 OK
r-release-windows-ix86+x86_64 1.0.0 15.00 89.00 104.00 OK
r-release-osx-x86_64 1.0.0 NOTE
r-oldrel-windows-ix86+x86_64 1.0.0 10.00 84.00 94.00 OK
r-oldrel-osx-x86_64 1.0.0 NOTE

Check Details

Version: 1.0.0
Check: dependencies in R code
Result: NOTE
    Namespaces in Imports field not imported from:
     ‘Matrix’ ‘quadprog’
     All declared Imports should be used.
Flavors: r-devel-linux-x86_64-fedora-clang, r-devel-linux-x86_64-fedora-gcc, r-patched-solaris-x86, r-release-osx-x86_64, r-oldrel-osx-x86_64