CRAN Package Check Results for Package SwarmSVM

Last updated on 2019-09-20 01:47:57 CEST.

Flavor Version Tinstall Tcheck Ttotal Status Flags
r-devel-linux-x86_64-debian-clang 0.1-5 13.91 156.56 170.47 WARN
r-devel-linux-x86_64-debian-gcc 0.1-5 12.17 120.42 132.59 WARN
r-devel-linux-x86_64-fedora-clang 0.1-5 211.24 OK
r-devel-linux-x86_64-fedora-gcc 0.1-5 210.25 WARN
r-devel-windows-ix86+x86_64 0.1-5 42.00 273.00 315.00 OK
r-patched-linux-x86_64 0.1-5 12.19 152.15 164.34 OK
r-patched-solaris-x86 0.1-5 369.40 OK
r-release-linux-x86_64 0.1-5 13.16 155.55 168.71 OK
r-release-windows-ix86+x86_64 0.1-5 30.00 271.00 301.00 OK
r-release-osx-x86_64 0.1-5 OK
r-oldrel-windows-ix86+x86_64 0.1-5 22.00 351.00 373.00 OK
r-oldrel-osx-x86_64 0.1-5 OK

Check Details

Version: 0.1-5
Check: whether package can be installed
Result: WARN
    Found the following significant warnings:
     svm.cpp:3049:4: warning: ignoring return value of function declared with 'warn_unused_result' attribute [-Wunused-result]
     svm.cpp:3074:4: warning: ignoring return value of function declared with 'warn_unused_result' attribute [-Wunused-result]
     svm.cpp:3112:5: warning: ignoring return value of function declared with 'warn_unused_result' attribute [-Wunused-result]
     svm.cpp:3119:5: warning: ignoring return value of function declared with 'warn_unused_result' attribute [-Wunused-result]
     svm.cpp:3126:5: warning: ignoring return value of function declared with 'warn_unused_result' attribute [-Wunused-result]
     svm.cpp:3133:5: warning: ignoring return value of function declared with 'warn_unused_result' attribute [-Wunused-result]
     svm.cpp:3140:5: warning: ignoring return value of function declared with 'warn_unused_result' attribute [-Wunused-result]
     svm.cpp:3106:4: warning: ignoring return value of function declared with 'warn_unused_result' attribute [-Wunused-result]
     svm.cpp:3104:4: warning: ignoring return value of function declared with 'warn_unused_result' attribute [-Wunused-result]
     svm.cpp:3102:4: warning: ignoring return value of function declared with 'warn_unused_result' attribute [-Wunused-result]
     svm.cpp:3100:4: warning: ignoring return value of function declared with 'warn_unused_result' attribute [-Wunused-result]
     svm.cpp:3098:4: warning: ignoring return value of function declared with 'warn_unused_result' attribute [-Wunused-result]
     svm.cpp:3045:3: warning: ignoring return value of function declared with 'warn_unused_result' attribute [-Wunused-result]
Flavor: r-devel-linux-x86_64-debian-clang

Version: 0.1-5
Check: whether package can be installed
Result: WARN
    Found the following significant warnings:
     svm.cpp:3045:9: warning: ignoring return value of ‘int fscanf(FILE*, const char*, ...)’, declared with attribute warn_unused_result [-Wunused-result]
     svm.cpp:3049:10: warning: ignoring return value of ‘int fscanf(FILE*, const char*, ...)’, declared with attribute warn_unused_result [-Wunused-result]
     svm.cpp:3074:10: warning: ignoring return value of ‘int fscanf(FILE*, const char*, ...)’, declared with attribute warn_unused_result [-Wunused-result]
     svm.cpp:3098:10: warning: ignoring return value of ‘int fscanf(FILE*, const char*, ...)’, declared with attribute warn_unused_result [-Wunused-result]
     svm.cpp:3100:10: warning: ignoring return value of ‘int fscanf(FILE*, const char*, ...)’, declared with attribute warn_unused_result [-Wunused-result]
     svm.cpp:3102:10: warning: ignoring return value of ‘int fscanf(FILE*, const char*, ...)’, declared with attribute warn_unused_result [-Wunused-result]
     svm.cpp:3104:10: warning: ignoring return value of ‘int fscanf(FILE*, const char*, ...)’, declared with attribute warn_unused_result [-Wunused-result]
     svm.cpp:3106:10: warning: ignoring return value of ‘int fscanf(FILE*, const char*, ...)’, declared with attribute warn_unused_result [-Wunused-result]
     svm.cpp:3112:11: warning: ignoring return value of ‘int fscanf(FILE*, const char*, ...)’, declared with attribute warn_unused_result [-Wunused-result]
     svm.cpp:3119:11: warning: ignoring return value of ‘int fscanf(FILE*, const char*, ...)’, declared with attribute warn_unused_result [-Wunused-result]
     svm.cpp:3126:11: warning: ignoring return value of ‘int fscanf(FILE*, const char*, ...)’, declared with attribute warn_unused_result [-Wunused-result]
     svm.cpp:3133:11: warning: ignoring return value of ‘int fscanf(FILE*, const char*, ...)’, declared with attribute warn_unused_result [-Wunused-result]
     svm.cpp:3140:11: warning: ignoring return value of ‘int fscanf(FILE*, const char*, ...)’, declared with attribute warn_unused_result [-Wunused-result]
Flavors: r-devel-linux-x86_64-debian-gcc, r-devel-linux-x86_64-fedora-gcc