CRAN Package Check Results for Package StroupGLMM

Last updated on 2019-12-05 00:52:16 CET.

Flavor Version Tinstall Tcheck Ttotal Status Flags
r-devel-linux-x86_64-debian-clang 0.1.0 14.59 123.08 137.67 OK
r-devel-linux-x86_64-debian-gcc 0.1.0 13.68 95.23 108.91 OK
r-devel-linux-x86_64-fedora-clang 0.1.0 152.79 NOTE
r-devel-linux-x86_64-fedora-gcc 0.1.0 150.96 NOTE
r-devel-windows-ix86+x86_64 0.1.0 34.00 195.00 229.00 OK
r-devel-windows-ix86+x86_64-gcc8 0.1.0 39.00 143.00 182.00 OK
r-patched-linux-x86_64 0.1.0 12.09 107.80 119.89 OK
r-patched-solaris-x86 0.1.0 225.20 NOTE
r-release-linux-x86_64 0.1.0 13.71 115.70 129.41 OK
r-release-windows-ix86+x86_64 0.1.0 31.00 128.00 159.00 OK
r-release-osx-x86_64 0.1.0 NOTE
r-oldrel-windows-ix86+x86_64 0.1.0 16.00 124.00 140.00 OK
r-oldrel-osx-x86_64 0.1.0 NOTE

Check Details

Version: 0.1.0
Check: dependencies in R code
Result: NOTE
    Namespaces in Imports field not imported from:
     ‘broom’ ‘car’ ‘lmerTest’ ‘pbkrtest’
     All declared Imports should be used.
Flavors: r-devel-linux-x86_64-fedora-clang, r-devel-linux-x86_64-fedora-gcc, r-patched-solaris-x86, r-release-osx-x86_64, r-oldrel-osx-x86_64