CRAN Package Check Results for Package StroupGLMM

Last updated on 2019-08-18 01:46:22 CEST.

Flavor Version Tinstall Tcheck Ttotal Status Flags
r-devel-linux-x86_64-debian-clang 0.1.0 13.47 112.59 126.06 OK
r-devel-linux-x86_64-debian-gcc 0.1.0 11.08 87.38 98.46 OK
r-devel-linux-x86_64-fedora-clang 0.1.0 150.96 NOTE
r-devel-linux-x86_64-fedora-gcc 0.1.0 148.48 NOTE
r-devel-windows-ix86+x86_64 0.1.0 47.00 187.00 234.00 OK
r-patched-linux-x86_64 0.1.0 13.09 107.03 120.12 OK
r-patched-solaris-x86 0.1.0 232.60 NOTE
r-release-linux-x86_64 0.1.0 13.47 107.80 121.27 OK
r-release-windows-ix86+x86_64 0.1.0 33.00 194.00 227.00 OK
r-release-osx-x86_64 0.1.0 ERROR
r-oldrel-windows-ix86+x86_64 0.1.0 26.00 168.00 194.00 OK
r-oldrel-osx-x86_64 0.1.0 NOTE

Check Details

Version: 0.1.0
Check: dependencies in R code
Result: NOTE
    Namespaces in Imports field not imported from:
     ‘broom’ ‘car’ ‘lmerTest’ ‘pbkrtest’
     All declared Imports should be used.
Flavors: r-devel-linux-x86_64-fedora-clang, r-devel-linux-x86_64-fedora-gcc, r-patched-solaris-x86, r-oldrel-osx-x86_64

Version: 0.1.0
Check: package dependencies
Result: ERROR
    Package required but not available: ‘mutoss’
    
    See section ‘The DESCRIPTION file’ in the ‘Writing R Extensions’
    manual.
Flavor: r-release-osx-x86_64