CRAN Package Check Results for Package StepwiseTest

Last updated on 2019-12-05 00:52:16 CET.

Flavor Version Tinstall Tcheck Ttotal Status Flags
r-devel-linux-x86_64-debian-clang 1.0 31.69 22.61 54.30 OK
r-devel-linux-x86_64-debian-gcc 1.0 20.91 18.26 39.17 OK
r-devel-linux-x86_64-fedora-clang 1.0 66.99 NOTE
r-devel-linux-x86_64-fedora-gcc 1.0 65.63 NOTE
r-devel-windows-ix86+x86_64 1.0 57.00 79.00 136.00 OK
r-devel-windows-ix86+x86_64-gcc8 1.0 60.00 61.00 121.00 OK
r-patched-linux-x86_64 1.0 22.23 20.68 42.91 OK
r-patched-solaris-x86 1.0 79.90 OK
r-release-linux-x86_64 1.0 23.05 21.78 44.83 OK
r-release-windows-ix86+x86_64 1.0 68.00 52.00 120.00 OK
r-release-osx-x86_64 1.0 OK
r-oldrel-windows-ix86+x86_64 1.0 39.00 78.00 117.00 OK
r-oldrel-osx-x86_64 1.0 OK

Check Details

Version: 1.0
Check: compiled code
Result: NOTE
    File ‘StepwiseTest/libs/StepwiseTest.so’:
     Found no calls to: ‘R_registerRoutines’, ‘R_useDynamicSymbols’
    
    It is good practice to register native routines and to disable symbol
    search.
    
    See ‘Writing portable packages’ in the ‘Writing R Extensions’ manual.
Flavors: r-devel-linux-x86_64-fedora-clang, r-devel-linux-x86_64-fedora-gcc