CRAN Package Check Results for Package SpatialVx

Last updated on 2019-09-15 01:47:07 CEST.

Flavor Version Tinstall Tcheck Ttotal Status Flags
r-devel-linux-x86_64-debian-clang 0.6-5 24.41 195.05 219.46 OK
r-devel-linux-x86_64-debian-gcc 0.6-5 20.96 150.98 171.94 OK
r-devel-linux-x86_64-fedora-clang 0.6-5 262.02 OK
r-devel-linux-x86_64-fedora-gcc 0.6-5 260.53 OK
r-devel-windows-ix86+x86_64 0.6-5 62.00 218.00 280.00 OK
r-patched-linux-x86_64 0.6-5 22.99 192.37 215.36 OK
r-patched-solaris-x86 0.6-5 406.50 NOTE
r-release-linux-x86_64 0.6-5 21.94 189.91 211.85 OK
r-release-windows-ix86+x86_64 0.6-5 41.00 298.00 339.00 OK
r-release-osx-x86_64 0.6-5 OK
r-oldrel-windows-ix86+x86_64 0.6-5 44.00 171.00 215.00 OK
r-oldrel-osx-x86_64 0.6-5 OK

Check Details

Version: 0.6-5
Check: installed package size
Result: NOTE
     installed size is 5.1Mb
     sub-directories of 1Mb or more:
     data 3.6Mb
Flavor: r-patched-solaris-x86