CRAN Package Check Results for Package SpatialVx

Last updated on 2019-06-25 01:49:16 CEST.

Flavor Version Tinstall Tcheck Ttotal Status Flags
r-devel-linux-x86_64-debian-clang 0.6-5 24.65 194.63 219.28 OK
r-devel-linux-x86_64-debian-gcc 0.6-5 19.72 152.35 172.07 OK
r-devel-linux-x86_64-fedora-clang 0.6-5 270.51 OK
r-devel-linux-x86_64-fedora-gcc 0.6-5 256.33 OK
r-devel-windows-ix86+x86_64 0.6-5 59.00 301.00 360.00 OK
r-patched-linux-x86_64 0.6-5 25.75 191.11 216.86 OK
r-patched-solaris-x86 0.6-5 401.80 NOTE
r-release-linux-x86_64 0.6-5 23.41 192.12 215.53 OK
r-release-windows-ix86+x86_64 0.6-5 38.00 331.00 369.00 OK
r-release-osx-x86_64 0.6-5 OK
r-oldrel-windows-ix86+x86_64 0.6-5 28.00 178.00 206.00 OK
r-oldrel-osx-x86_64 0.6-5 OK

Check Details

Version: 0.6-5
Check: installed package size
Result: NOTE
     installed size is 5.1Mb
     sub-directories of 1Mb or more:
     data 3.6Mb
Flavor: r-patched-solaris-x86