CRAN Package Check Results for Package SimRVSequences

Last updated on 2019-09-15 01:47:06 CEST.

Flavor Version Tinstall Tcheck Ttotal Status Flags
r-devel-linux-x86_64-debian-clang 0.1.3 11.44 100.12 111.56 NOTE
r-devel-linux-x86_64-debian-gcc 0.1.3 10.58 80.85 91.43 NOTE
r-devel-linux-x86_64-fedora-clang 0.1.3 132.90 OK
r-devel-linux-x86_64-fedora-gcc 0.1.3 134.56 OK
r-devel-windows-ix86+x86_64 0.1.3 32.00 148.00 180.00 NOTE
r-patched-linux-x86_64 0.1.3 11.09 98.28 109.37 OK
r-patched-solaris-x86 0.1.3 199.40 OK
r-release-linux-x86_64 0.1.3 9.44 96.79 106.23 OK
r-release-windows-ix86+x86_64 0.1.3 21.00 105.00 126.00 OK
r-release-osx-x86_64 0.1.3 OK
r-oldrel-windows-ix86+x86_64 0.1.3 19.00 109.00 128.00 OK
r-oldrel-osx-x86_64 0.1.3 OK

Check Details

Version: 0.1.3
Check: package vignettes
Result: NOTE
    Package vignette with placeholder title 'Vignette Title':
     'SimRVSequences.Rmd'
Flavors: r-devel-linux-x86_64-debian-clang, r-devel-linux-x86_64-debian-gcc, r-devel-windows-ix86+x86_64