CRAN Package Check Results for Package SimRVSequences

Last updated on 2019-06-26 01:54:35 CEST.

Flavor Version Tinstall Tcheck Ttotal Status Flags
r-devel-linux-x86_64-debian-clang 0.1.3 11.23 99.94 111.17 NOTE
r-devel-linux-x86_64-debian-gcc 0.1.3 9.30 78.26 87.56 NOTE
r-devel-linux-x86_64-fedora-clang 0.1.3 131.60 OK
r-devel-linux-x86_64-fedora-gcc 0.1.3 128.17 OK
r-devel-windows-ix86+x86_64 0.1.3 30.00 153.00 183.00 OK
r-patched-linux-x86_64 0.1.3 11.70 100.07 111.77 OK
r-patched-solaris-x86 0.1.3 206.20 OK
r-release-linux-x86_64 0.1.3 10.51 97.28 107.79 OK
r-release-windows-ix86+x86_64 0.1.3 21.00 124.00 145.00 OK
r-release-osx-x86_64 0.1.3 OK
r-oldrel-windows-ix86+x86_64 0.1.3 10.00 108.00 118.00 OK
r-oldrel-osx-x86_64 0.1.3 OK

Check Details

Version: 0.1.3
Check: package vignettes
Result: NOTE
    Package vignette with placeholder title 'Vignette Title':
     'SimRVSequences.Rmd'
Flavors: r-devel-linux-x86_64-debian-clang, r-devel-linux-x86_64-debian-gcc