CRAN Package Check Results for Package SimEUCartelLaw

Last updated on 2019-09-20 01:47:56 CEST.

Flavor Version Tinstall Tcheck Ttotal Status Flags
r-devel-linux-x86_64-debian-clang 1.0.1 3.88 29.53 33.41 OK
r-devel-linux-x86_64-debian-gcc 1.0.1 3.23 24.49 27.72 OK
r-devel-linux-x86_64-fedora-clang 1.0.1 41.29 OK
r-devel-linux-x86_64-fedora-gcc 1.0.1 40.09 OK
r-devel-windows-ix86+x86_64 1.0.1 33.00 58.00 91.00 OK
r-patched-linux-x86_64 1.0.1 3.50 29.61 33.11 OK
r-patched-solaris-x86 1.0.1 68.70 OK
r-release-linux-x86_64 1.0.1 3.76 30.30 34.06 OK
r-release-windows-ix86+x86_64 1.0.1 12.00 58.00 70.00 OK
r-release-osx-x86_64 1.0.1 WARN
r-oldrel-windows-ix86+x86_64 1.0.1 7.00 61.00 68.00 OK
r-oldrel-osx-x86_64 1.0.1 OK

Check Details

Version: 1.0.1
Check: whether package can be installed
Result: WARN
    Found the following significant warnings:
     Warning: 'rgl_init' failed, running with rgl.useNULL = TRUE
Flavor: r-release-osx-x86_64