CRAN Package Check Results for Package SUMMER

Last updated on 2019-07-15 01:47:00 CEST.

Flavor Version Tinstall Tcheck Ttotal Status Flags
r-devel-linux-x86_64-debian-clang 0.2.3 10.47 73.63 84.10 NOTE
r-devel-linux-x86_64-debian-gcc 0.2.3 7.82 58.79 66.61 NOTE
r-devel-linux-x86_64-fedora-clang 0.2.3 100.64 NOTE
r-devel-linux-x86_64-fedora-gcc 0.2.3 98.01 OK
r-devel-windows-ix86+x86_64 0.2.3 20.00 77.00 97.00 NOTE
r-patched-linux-x86_64 0.2.3 9.70 73.08 82.78 NOTE
r-patched-solaris-x86 0.2.3 142.90 NOTE --no-vignettes
r-release-linux-x86_64 0.2.3 9.21 72.56 81.77 NOTE
r-release-windows-ix86+x86_64 0.2.3 20.00 106.00 126.00 NOTE
r-release-osx-x86_64 0.2.3 NOTE
r-oldrel-windows-ix86+x86_64 0.2.3 21.00 76.00 97.00 NOTE
r-oldrel-osx-x86_64 0.2.3 NOTE

Check Details

Version: 0.2.3
Check: package dependencies
Result: NOTE
    Package suggested but not available for checking: 'INLA'
Flavors: r-devel-linux-x86_64-debian-clang, r-devel-linux-x86_64-debian-gcc, r-patched-linux-x86_64, r-release-linux-x86_64, r-release-osx-x86_64, r-oldrel-osx-x86_64

Version: 0.2.3
Check: installed package size
Result: NOTE
     installed size is 5.4Mb
     sub-directories of 1Mb or more:
     data 2.7Mb
     doc 2.5Mb
Flavors: r-devel-linux-x86_64-fedora-clang, r-devel-windows-ix86+x86_64, r-release-windows-ix86+x86_64, r-release-osx-x86_64, r-oldrel-windows-ix86+x86_64, r-oldrel-osx-x86_64

Version: 0.2.3
Flags: --no-vignettes
Check: package dependencies
Result: NOTE
    Package suggested but not available for checking: ‘INLA’
Flavor: r-patched-solaris-x86

Version: 0.2.3
Flags: --no-vignettes
Check: installed package size
Result: NOTE
     installed size is 5.7Mb
     sub-directories of 1Mb or more:
     data 2.8Mb
     doc 2.6Mb
Flavor: r-patched-solaris-x86