CRAN Package Check Results for Package SUMMER

Last updated on 2019-10-21 02:46:44 CEST.

Flavor Version Tinstall Tcheck Ttotal Status Flags
r-devel-linux-x86_64-debian-clang 0.2.3 9.28 72.77 82.05 NOTE
r-devel-linux-x86_64-debian-gcc 0.2.3 8.77 57.66 66.43 NOTE
r-devel-linux-x86_64-fedora-clang 0.2.3 101.87 NOTE
r-devel-linux-x86_64-fedora-gcc 0.2.3 103.11 OK
r-devel-windows-ix86+x86_64 0.2.3 20.00 74.00 94.00 NOTE
r-patched-linux-x86_64 0.2.3 9.22 71.23 80.45 NOTE
r-patched-solaris-x86 0.2.3 135.60 NOTE --no-vignettes
r-release-linux-x86_64 0.2.3 10.27 71.82 82.09 NOTE
r-release-windows-ix86+x86_64 0.2.3 28.00 114.00 142.00 NOTE
r-release-osx-x86_64 0.2.3 NOTE
r-oldrel-windows-ix86+x86_64 0.2.3 12.00 77.00 89.00 NOTE
r-oldrel-osx-x86_64 0.2.3 NOTE

Check Details

Version: 0.2.3
Check: package dependencies
Result: NOTE
    Package suggested but not available for checking: 'INLA'
Flavors: r-devel-linux-x86_64-debian-clang, r-devel-linux-x86_64-debian-gcc, r-patched-linux-x86_64, r-release-linux-x86_64, r-release-osx-x86_64, r-oldrel-osx-x86_64

Version: 0.2.3
Check: installed package size
Result: NOTE
     installed size is 5.4Mb
     sub-directories of 1Mb or more:
     data 2.7Mb
     doc 2.5Mb
Flavors: r-devel-linux-x86_64-fedora-clang, r-devel-windows-ix86+x86_64, r-release-windows-ix86+x86_64, r-release-osx-x86_64, r-oldrel-windows-ix86+x86_64, r-oldrel-osx-x86_64

Version: 0.2.3
Flags: --no-vignettes
Check: package dependencies
Result: NOTE
    Package suggested but not available for checking: ‘INLA’
Flavor: r-patched-solaris-x86

Version: 0.2.3
Flags: --no-vignettes
Check: installed package size
Result: NOTE
     installed size is 5.7Mb
     sub-directories of 1Mb or more:
     data 2.8Mb
     doc 2.6Mb
Flavor: r-patched-solaris-x86