CRAN Package Check Results for Package STAT

Last updated on 2019-12-11 00:49:35 CET.

Flavor Version Tinstall Tcheck Ttotal Status Flags
r-devel-linux-x86_64-debian-clang 0.1.0 2.11 17.37 19.48 OK
r-devel-linux-x86_64-debian-gcc 0.1.0 1.43 13.95 15.38 OK
r-devel-linux-x86_64-fedora-clang 0.1.0 25.44 NOTE
r-devel-linux-x86_64-fedora-gcc 0.1.0 24.77 NOTE
r-devel-windows-ix86+x86_64 0.1.0 14.00 50.00 64.00 OK
r-devel-windows-ix86+x86_64-gcc8 0.1.0 20.00 36.00 56.00 OK
r-patched-linux-x86_64 0.1.0 1.21 16.17 17.38 OK
r-patched-solaris-x86 0.1.0 36.40 NOTE
r-release-linux-x86_64 0.1.0 1.25 16.09 17.34 OK
r-release-windows-ix86+x86_64 0.1.0 6.00 32.00 38.00 OK
r-release-osx-x86_64 0.1.0 NOTE
r-oldrel-windows-ix86+x86_64 0.1.0 4.00 30.00 34.00 OK
r-oldrel-osx-x86_64 0.1.0 NOTE

Check Details

Version: 0.1.0
Check: dependencies in R code
Result: NOTE
    Namespaces in Imports field not imported from:
     ‘Hmisc’ ‘corrgram’ ‘datasets’ ‘dplyr’ ‘psych’ ‘psycho’ ‘rpivotTable’
     ‘shiny’
     All declared Imports should be used.
Flavors: r-devel-linux-x86_64-fedora-clang, r-devel-linux-x86_64-fedora-gcc, r-patched-solaris-x86, r-release-osx-x86_64, r-oldrel-osx-x86_64