CRAN Package Check Results for Package STAT

Last updated on 2019-08-20 01:48:19 CEST.

Flavor Version Tinstall Tcheck Ttotal Status Flags
r-devel-linux-x86_64-debian-clang 0.1.0 2.02 16.76 18.78 OK
r-devel-linux-x86_64-debian-gcc 0.1.0 1.40 13.74 15.14 OK
r-devel-linux-x86_64-fedora-clang 0.1.0 25.17 NOTE
r-devel-linux-x86_64-fedora-gcc 0.1.0 22.80 NOTE
r-devel-windows-ix86+x86_64 0.1.0 12.00 40.00 52.00 OK
r-patched-linux-x86_64 0.1.0 1.11 16.43 17.54 OK
r-patched-solaris-x86 0.1.0 36.10 NOTE
r-release-linux-x86_64 0.1.0 1.22 16.54 17.76 OK
r-release-windows-ix86+x86_64 0.1.0 32.00 30.00 62.00 OK
r-release-osx-x86_64 0.1.0 NOTE
r-oldrel-windows-ix86+x86_64 0.1.0 9.00 43.00 52.00 OK
r-oldrel-osx-x86_64 0.1.0 NOTE

Check Details

Version: 0.1.0
Check: dependencies in R code
Result: NOTE
    Namespaces in Imports field not imported from:
     ‘Hmisc’ ‘corrgram’ ‘datasets’ ‘dplyr’ ‘psych’ ‘psycho’ ‘rpivotTable’
     ‘shiny’
     All declared Imports should be used.
Flavors: r-devel-linux-x86_64-fedora-clang, r-devel-linux-x86_64-fedora-gcc, r-patched-solaris-x86, r-release-osx-x86_64, r-oldrel-osx-x86_64