CRAN Package Check Results for Package SIBER

Last updated on 2019-10-19 01:50:26 CEST.

Flavor Version Tinstall Tcheck Ttotal Status Flags
r-devel-linux-x86_64-debian-clang 2.1.4 5.08 172.56 177.64 OK
r-devel-linux-x86_64-debian-gcc 2.1.4 4.42 123.67 128.09 OK
r-devel-linux-x86_64-fedora-clang 2.1.4 204.82 NOTE
r-devel-linux-x86_64-fedora-gcc 2.1.4 206.57 NOTE
r-devel-windows-ix86+x86_64 2.1.4 21.00 239.00 260.00 OK
r-patched-linux-x86_64 2.1.4 4.99 166.80 171.79 OK
r-patched-solaris-x86 2.1.4 272.90 NOTE
r-release-linux-x86_64 2.1.4 5.78 167.32 173.10 OK
r-release-windows-ix86+x86_64 2.1.4 11.00 181.00 192.00 OK
r-release-osx-x86_64 2.1.4 NOTE
r-oldrel-windows-ix86+x86_64 2.1.4 7.00 162.00 169.00 OK
r-oldrel-osx-x86_64 2.1.4 NOTE

Check Details

Version: 2.1.4
Check: dependencies in R code
Result: NOTE
    Namespaces in Imports field not imported from:
     ‘coda’ ‘ellipse’ ‘viridis’
     All declared Imports should be used.
Flavors: r-devel-linux-x86_64-fedora-clang, r-devel-linux-x86_64-fedora-gcc, r-patched-solaris-x86, r-release-osx-x86_64, r-oldrel-osx-x86_64