CRAN Package Check Results for Package SIBER

Last updated on 2019-07-15 01:46:58 CEST.

Flavor Version Tinstall Tcheck Ttotal Status Flags
r-devel-linux-x86_64-debian-clang 2.1.4 4.52 173.06 177.58 OK
r-devel-linux-x86_64-debian-gcc 2.1.4 4.55 124.79 129.34 OK
r-devel-linux-x86_64-fedora-clang 2.1.4 195.38 NOTE
r-devel-linux-x86_64-fedora-gcc 2.1.4 191.89 NOTE
r-devel-windows-ix86+x86_64 2.1.4 12.00 170.00 182.00 OK
r-patched-linux-x86_64 2.1.4 4.80 169.25 174.05 OK
r-patched-solaris-x86 2.1.4 277.20 NOTE
r-release-linux-x86_64 2.1.4 5.08 168.26 173.34 OK
r-release-windows-ix86+x86_64 2.1.4 12.00 182.00 194.00 OK
r-release-osx-x86_64 2.1.4 NOTE
r-oldrel-windows-ix86+x86_64 2.1.4 12.00 219.00 231.00 OK
r-oldrel-osx-x86_64 2.1.4 NOTE

Check Details

Version: 2.1.4
Check: dependencies in R code
Result: NOTE
    Namespaces in Imports field not imported from:
     ‘coda’ ‘ellipse’ ‘viridis’
     All declared Imports should be used.
Flavors: r-devel-linux-x86_64-fedora-clang, r-devel-linux-x86_64-fedora-gcc, r-patched-solaris-x86, r-release-osx-x86_64, r-oldrel-osx-x86_64