CRAN Package Check Results for Package Ryacas

Last updated on 2019-05-25 01:52:56 CEST.

Flavor Version Tinstall Tcheck Ttotal Status Flags
r-devel-linux-x86_64-debian-clang 0.4.1 71.74 98.57 170.31 OK
r-devel-linux-x86_64-debian-gcc 0.4.1 61.23 77.98 139.21 OK
r-devel-linux-x86_64-fedora-clang 0.4.1 258.00 NOTE
r-devel-linux-x86_64-fedora-gcc 0.4.1 221.32 OK
r-devel-windows-ix86+x86_64 0.4.1 183.00 161.00 344.00 OK
r-patched-linux-x86_64 0.4.1 OK
r-patched-solaris-x86 0.4.1 244.80 OK
r-release-linux-x86_64 0.4.1 70.06 99.51 169.57 OK
r-release-windows-ix86+x86_64 0.4.1 225.00 205.00 430.00 OK
r-release-osx-x86_64 0.4.1 NOTE
r-oldrel-windows-ix86+x86_64 0.4.1 230.00 136.00 366.00 OK
r-oldrel-osx-x86_64 0.4.1 NOTE

Check Details

Version: 0.4.1
Check: installed package size
Result: NOTE
     installed size is 9.6Mb
     sub-directories of 1Mb or more:
     libs 7.6Mb
     yacas 1.5Mb
Flavors: r-devel-linux-x86_64-fedora-clang, r-release-osx-x86_64, r-oldrel-osx-x86_64