CRAN Package Check Results for Package Ryacas

Last updated on 2019-08-22 01:49:58 CEST.

Flavor Version Tinstall Tcheck Ttotal Status Flags
r-devel-linux-x86_64-debian-clang 0.4.1 75.95 99.71 175.66 OK
r-devel-linux-x86_64-debian-gcc 0.4.1 61.12 77.67 138.79 OK
r-devel-linux-x86_64-fedora-clang 0.4.1 260.97 WARN
r-devel-linux-x86_64-fedora-gcc 0.4.1 238.75 OK
r-devel-windows-ix86+x86_64 0.4.1 296.00 221.00 517.00 OK
r-patched-linux-x86_64 0.4.1 70.41 98.83 169.24 OK
r-patched-solaris-x86 0.4.1 270.00 OK
r-release-linux-x86_64 0.4.1 72.53 98.26 170.79 OK
r-release-windows-ix86+x86_64 0.4.1 195.00 199.00 394.00 OK
r-release-osx-x86_64 0.4.1 NOTE
r-oldrel-windows-ix86+x86_64 0.4.1 378.00 187.00 565.00 OK
r-oldrel-osx-x86_64 0.4.1 NOTE

Check Details

Version: 0.4.1
Check: whether package can be installed
Result: WARN
    Found the following significant warnings:
     yacas/include/yacas/string_utils.h:19:72: warning: 'ptr_fun<int, int>' is deprecated [-Wdeprecated-declarations]
     yacas/include/yacas/string_utils.h:26:63: warning: 'ptr_fun<int, int>' is deprecated [-Wdeprecated-declarations]
Flavor: r-devel-linux-x86_64-fedora-clang

Version: 0.4.1
Check: installed package size
Result: NOTE
     installed size is 9.8Mb
     sub-directories of 1Mb or more:
     libs 7.8Mb
     yacas 1.5Mb
Flavors: r-devel-linux-x86_64-fedora-clang, r-release-osx-x86_64, r-oldrel-osx-x86_64