CRAN Package Check Results for Package Rspotify

Last updated on 2019-05-22 01:46:47 CEST.

Flavor Version Tinstall Tcheck Ttotal Status Flags
r-devel-linux-x86_64-debian-clang 0.1.2 2.05 18.20 20.25 OK
r-devel-linux-x86_64-debian-gcc 0.1.2 1.59 14.73 16.32 OK
r-devel-linux-x86_64-fedora-clang 0.1.2 23.98 NOTE
r-devel-linux-x86_64-fedora-gcc 0.1.2 23.31 NOTE
r-devel-windows-ix86+x86_64 0.1.2 5.00 52.00 57.00 OK
r-patched-linux-x86_64 0.1.2 1.85 18.29 20.14 OK
r-patched-solaris-x86 0.1.2 37.90 NOTE
r-release-linux-x86_64 0.1.2 2.11 18.11 20.22 OK
r-release-windows-ix86+x86_64 0.1.2 7.00 31.00 38.00 OK
r-release-osx-x86_64 0.1.2 NOTE
r-oldrel-windows-ix86+x86_64 0.1.2 3.00 30.00 33.00 OK
r-oldrel-osx-x86_64 0.1.2 NOTE

Check Details

Version: 0.1.2
Check: dependencies in R code
Result: NOTE
    Namespace in Imports field not imported from: ‘magrittr’
     All declared Imports should be used.
Flavors: r-devel-linux-x86_64-fedora-clang, r-devel-linux-x86_64-fedora-gcc, r-patched-solaris-x86, r-release-osx-x86_64, r-oldrel-osx-x86_64