CRAN Package Check Results for Package Rspotify

Last updated on 2019-08-17 02:47:46 CEST.

Flavor Version Tinstall Tcheck Ttotal Status Flags
r-devel-linux-x86_64-debian-clang 0.1.2 2.18 18.46 20.64 OK
r-devel-linux-x86_64-debian-gcc 0.1.2 1.71 14.83 16.54 OK
r-devel-linux-x86_64-fedora-clang 0.1.2 24.71 NOTE
r-devel-linux-x86_64-fedora-gcc 0.1.2 23.97 NOTE
r-devel-windows-ix86+x86_64 0.1.2 6.00 40.00 46.00 OK
r-patched-linux-x86_64 0.1.2 1.79 18.31 20.10 OK
r-patched-solaris-x86 0.1.2 39.10 NOTE
r-release-linux-x86_64 0.1.2 1.77 18.09 19.86 OK
r-release-windows-ix86+x86_64 0.1.2 6.00 48.00 54.00 OK
r-release-osx-x86_64 0.1.2 NOTE
r-oldrel-windows-ix86+x86_64 0.1.2 4.00 42.00 46.00 OK
r-oldrel-osx-x86_64 0.1.2 NOTE

Check Details

Version: 0.1.2
Check: dependencies in R code
Result: NOTE
    Namespace in Imports field not imported from: ‘magrittr’
     All declared Imports should be used.
Flavors: r-devel-linux-x86_64-fedora-clang, r-devel-linux-x86_64-fedora-gcc, r-patched-solaris-x86, r-release-osx-x86_64, r-oldrel-osx-x86_64