CRAN Package Check Results for Package Rnmr1D

Last updated on 2019-07-22 01:46:29 CEST.

Flavor Version Tinstall Tcheck Ttotal Status Flags
r-devel-linux-x86_64-debian-clang 1.2.4 29.70 133.35 163.05 OK
r-devel-linux-x86_64-debian-gcc 1.2.4 28.32 103.66 131.98 OK
r-devel-linux-x86_64-fedora-clang 1.2.4 199.49 NOTE
r-devel-linux-x86_64-fedora-gcc 1.2.4 183.44 NOTE
r-devel-windows-ix86+x86_64 1.2.4 63.00 275.00 338.00 OK
r-patched-linux-x86_64 1.2.4 33.81 128.89 162.70 OK
r-patched-solaris-x86 1.2.4 521.50 NOTE
r-release-linux-x86_64 1.2.4 31.60 128.63 160.23 OK
r-release-windows-ix86+x86_64 1.2.4 56.00 272.00 328.00 OK
r-release-osx-x86_64 1.2.4 ERROR
r-oldrel-windows-ix86+x86_64 1.2.4 75.00 400.00 475.00 OK
r-oldrel-osx-x86_64 1.2.4 ERROR

Check Details

Version: 1.2.4
Check: dependencies in R code
Result: NOTE
    Namespace in Imports field not imported from: ‘impute’
     All declared Imports should be used.
Flavors: r-devel-linux-x86_64-fedora-clang, r-devel-linux-x86_64-fedora-gcc, r-patched-solaris-x86

Version: 1.2.4
Check: package dependencies
Result: ERROR
    Packages required but not available: 'impute', 'MassSpecWavelet', 'speaq'
    
    See section ‘The DESCRIPTION file’ in the ‘Writing R Extensions’
    manual.
Flavor: r-release-osx-x86_64

Version: 1.2.4
Check: package dependencies
Result: ERROR
    Packages required and available but unsuitable versions:
     ‘impute’ ‘MassSpecWavelet’ ‘plotly’
    
    See section ‘The DESCRIPTION file’ in the ‘Writing R Extensions’
    manual.
Flavor: r-oldrel-osx-x86_64