CRAN Package Check Results for Package Rlda

Last updated on 2019-08-20 01:48:17 CEST.

Flavor Version Tinstall Tcheck Ttotal Status Flags
r-devel-linux-x86_64-debian-clang 0.2.6 107.18 40.68 147.86 OK
r-devel-linux-x86_64-debian-gcc 0.2.6 91.30 32.94 124.24 OK
r-devel-linux-x86_64-fedora-clang 0.2.6 229.93 NOTE
r-devel-linux-x86_64-fedora-gcc 0.2.6 218.47 OK
r-devel-windows-ix86+x86_64 0.2.6 258.00 130.00 388.00 OK
r-patched-linux-x86_64 0.2.6 96.26 40.69 136.95 OK
r-patched-solaris-x86 0.2.6 210.90 OK
r-release-linux-x86_64 0.2.6 97.66 40.68 138.34 OK
r-release-windows-ix86+x86_64 0.2.6 183.00 82.00 265.00 OK
r-release-osx-x86_64 0.2.6 NOTE
r-oldrel-windows-ix86+x86_64 0.2.6 247.00 111.00 358.00 OK
r-oldrel-osx-x86_64 0.2.6 NOTE

Check Details

Version: 0.2.6
Check: installed package size
Result: NOTE
     installed size is 7.4Mb
     sub-directories of 1Mb or more:
     libs 6.4Mb
Flavors: r-devel-linux-x86_64-fedora-clang, r-release-osx-x86_64, r-oldrel-osx-x86_64