CRAN Package Check Results for Package Rlda

Last updated on 2019-12-11 00:49:32 CET.

Flavor Version Tinstall Tcheck Ttotal Status Flags
r-devel-linux-x86_64-debian-clang 0.2.6 131.04 43.43 174.47 OK
r-devel-linux-x86_64-debian-gcc 0.2.6 89.24 34.10 123.34 OK
r-devel-linux-x86_64-fedora-clang 0.2.6 233.38 NOTE
r-devel-linux-x86_64-fedora-gcc 0.2.6 228.21 OK
r-devel-windows-ix86+x86_64 0.2.6 233.00 124.00 357.00 OK
r-devel-windows-ix86+x86_64-gcc8 0.2.6 242.00 94.00 336.00 OK
r-patched-linux-x86_64 0.2.6 101.56 39.59 141.15 OK
r-patched-solaris-x86 0.2.6 219.80 OK
r-release-linux-x86_64 0.2.6 97.80 40.04 137.84 OK
r-release-windows-ix86+x86_64 0.2.6 193.00 83.00 276.00 OK
r-release-osx-x86_64 0.2.6 NOTE
r-oldrel-windows-ix86+x86_64 0.2.6 189.00 78.00 267.00 OK
r-oldrel-osx-x86_64 0.2.6 NOTE

Check Details

Version: 0.2.6
Check: installed package size
Result: NOTE
     installed size is 7.5Mb
     sub-directories of 1Mb or more:
     libs 6.4Mb
Flavors: r-devel-linux-x86_64-fedora-clang, r-release-osx-x86_64, r-oldrel-osx-x86_64