CRAN Package Check Results for Package Rfast

Last updated on 2019-11-17 01:48:20 CET.

Flavor Version Tinstall Tcheck Ttotal Status Flags
r-devel-linux-x86_64-debian-clang 1.9.5 1179.36 105.56 1284.92 OK
r-devel-linux-x86_64-debian-gcc 1.9.6 872.64 75.07 947.71 OK
r-devel-linux-x86_64-fedora-clang 1.9.6 1702.64 ERROR
r-devel-linux-x86_64-fedora-gcc 1.9.6 1808.20 OK
r-devel-windows-ix86+x86_64 1.9.5 2805.00 213.00 3018.00 NOTE
r-patched-linux-x86_64 1.9.5 943.90 100.68 1044.58 OK
r-patched-solaris-x86 1.9.6 1270.90 NOTE
r-release-linux-x86_64 1.9.6 936.71 94.89 1031.60 OK
r-release-windows-ix86+x86_64 1.9.5 2287.00 247.00 2534.00 NOTE
r-release-osx-x86_64 1.9.5 NOTE
r-oldrel-windows-ix86+x86_64 1.9.5 2420.00 209.00 2629.00 NOTE
r-oldrel-osx-x86_64 1.9.5 NOTE

Additional issues

gcc-UBSAN LTO

Check Details

Version: 1.9.6
Check: whether package can be installed
Result: ERROR
    Installation failed.
Flavor: r-devel-linux-x86_64-fedora-clang

Version: 1.9.5
Check: installed package size
Result: NOTE
     installed size is 8.9Mb
     sub-directories of 1Mb or more:
     libs 7.7Mb
Flavors: r-devel-windows-ix86+x86_64, r-release-windows-ix86+x86_64, r-release-osx-x86_64, r-oldrel-windows-ix86+x86_64, r-oldrel-osx-x86_64

Version: 1.9.6
Check: installed package size
Result: NOTE
     installed size is 5.6Mb
     sub-directories of 1Mb or more:
     libs 4.0Mb
Flavor: r-patched-solaris-x86