CRAN Package Check Results for Package ReinforcementLearning

Last updated on 2019-08-20 01:48:16 CEST.

Flavor Version Tinstall Tcheck Ttotal Status Flags
r-devel-linux-x86_64-debian-clang 1.0.4 6.66 44.21 50.87 OK
r-devel-linux-x86_64-debian-gcc 1.0.4 6.52 36.00 42.52 OK
r-devel-linux-x86_64-fedora-clang 1.0.4 65.33 NOTE
r-devel-linux-x86_64-fedora-gcc 1.0.4 62.95 NOTE
r-devel-windows-ix86+x86_64 1.0.4 17.00 76.00 93.00 OK
r-patched-linux-x86_64 1.0.4 7.20 44.04 51.24 OK
r-patched-solaris-x86 1.0.4 92.70 NOTE
r-release-linux-x86_64 1.0.4 6.43 43.15 49.58 OK
r-release-windows-ix86+x86_64 1.0.4 13.00 60.00 73.00 OK
r-release-osx-x86_64 1.0.4 NOTE
r-oldrel-windows-ix86+x86_64 1.0.4 23.00 71.00 94.00 OK
r-oldrel-osx-x86_64 1.0.4 NOTE

Check Details

Version: 1.0.4
Check: dependencies in R code
Result: NOTE
    Namespace in Imports field not imported from: ‘ggplot2’
     All declared Imports should be used.
Flavors: r-devel-linux-x86_64-fedora-clang, r-devel-linux-x86_64-fedora-gcc, r-patched-solaris-x86, r-release-osx-x86_64, r-oldrel-osx-x86_64