CRAN Package Check Results for Package ReinforcementLearning

Last updated on 2019-12-05 00:52:07 CET.

Flavor Version Tinstall Tcheck Ttotal Status Flags
r-devel-linux-x86_64-debian-clang 1.0.4 6.63 48.26 54.89 OK
r-devel-linux-x86_64-debian-gcc 1.0.4 7.01 37.81 44.82 OK
r-devel-linux-x86_64-fedora-clang 1.0.4 65.10 NOTE
r-devel-linux-x86_64-fedora-gcc 1.0.4 64.61 NOTE
r-devel-windows-ix86+x86_64 1.0.4 12.00 87.00 99.00 OK
r-devel-windows-ix86+x86_64-gcc8 1.0.4 14.00 68.00 82.00 OK
r-patched-linux-x86_64 1.0.4 6.81 43.85 50.66 OK
r-patched-solaris-x86 1.0.4 96.20 NOTE
r-release-linux-x86_64 1.0.4 7.31 46.00 53.31 OK
r-release-windows-ix86+x86_64 1.0.4 11.00 58.00 69.00 OK
r-release-osx-x86_64 1.0.4 NOTE
r-oldrel-windows-ix86+x86_64 1.0.4 10.00 111.00 121.00 OK
r-oldrel-osx-x86_64 1.0.4 NOTE

Check Details

Version: 1.0.4
Check: dependencies in R code
Result: NOTE
    Namespace in Imports field not imported from: ‘ggplot2’
     All declared Imports should be used.
Flavors: r-devel-linux-x86_64-fedora-clang, r-devel-linux-x86_64-fedora-gcc, r-patched-solaris-x86, r-release-osx-x86_64, r-oldrel-osx-x86_64