CRAN Package Check Results for Package RcppQuantuccia

Last updated on 2019-08-22 01:49:56 CEST.

Flavor Version Tinstall Tcheck Ttotal Status Flags
r-devel-linux-x86_64-debian-clang 0.0.3 62.08 23.35 85.43 OK
r-devel-linux-x86_64-debian-gcc 0.0.3 68.79 21.10 89.89 OK
r-devel-linux-x86_64-fedora-clang 0.0.3 129.84 OK
r-devel-linux-x86_64-fedora-gcc 0.0.3 175.12 OK
r-devel-windows-ix86+x86_64 0.0.3 232.00 81.00 313.00 OK
r-patched-linux-x86_64 0.0.3 76.75 25.25 102.00 OK
r-patched-solaris-x86 0.0.3 143.00 OK
r-release-linux-x86_64 0.0.3 76.87 25.57 102.44 OK
r-release-windows-ix86+x86_64 0.0.3 161.00 65.00 226.00 OK
r-release-osx-x86_64 0.0.3 OK
r-oldrel-windows-ix86+x86_64 0.0.2 387.00 162.00 549.00 NOTE
r-oldrel-osx-x86_64 0.0.3 OK

Check Details

Version: 0.0.2
Check: installed package size
Result: NOTE
     installed size is 35.0Mb
     sub-directories of 1Mb or more:
     include 8.8Mb
     libs 26.1Mb
Flavor: r-oldrel-windows-ix86+x86_64

Version: 0.0.2
Check: pragmas in C/C++ headers and code
Result: NOTE
    Files which contain pragma(s) suppressing diagnostics:
     'inst/include/ql/math/distributions/normaldistribution.hpp'
     'inst/include/ql/math/matrix.hpp'
     'inst/include/ql/math/optimization/levenbergmarquardt.hpp'
     'inst/include/ql/math/statistics/incrementalstatistics.hpp'
     'inst/include/ql/time/date.hpp' 'inst/include/ql/time/imm.hpp'
     'inst/include/ql/utilities/dataparsers.hpp'
     'inst/include/ql/utilities/null.hpp'
Flavor: r-oldrel-windows-ix86+x86_64