CRAN Package Check Results for Package RcppQuantuccia

Last updated on 2019-05-25 01:52:53 CEST.

Flavor Version Tinstall Tcheck Ttotal Status Flags
r-devel-linux-x86_64-debian-clang 0.0.2 76.78 23.72 100.50 NOTE
r-devel-linux-x86_64-debian-gcc 0.0.2 92.95 21.55 114.50 NOTE
r-devel-linux-x86_64-fedora-clang 0.0.2 153.38 NOTE
r-devel-linux-x86_64-fedora-gcc 0.0.2 199.20 NOTE
r-devel-windows-ix86+x86_64 0.0.2 324.00 152.00 476.00 NOTE
r-patched-linux-x86_64 0.0.2 NOTE
r-patched-solaris-x86 0.0.2 403.30 NOTE
r-release-linux-x86_64 0.0.2 109.79 26.09 135.88 NOTE
r-release-windows-ix86+x86_64 0.0.2 372.00 136.00 508.00 NOTE
r-release-osx-x86_64 0.0.2 NOTE
r-oldrel-windows-ix86+x86_64 0.0.2 370.00 123.00 493.00 NOTE
r-oldrel-osx-x86_64 0.0.2 NOTE

Check Details

Version: 0.0.2
Check: pragmas in C/C++ headers and code
Result: NOTE
    Files which contain pragma(s) suppressing diagnostics:
     'inst/include/ql/math/distributions/normaldistribution.hpp'
     'inst/include/ql/math/matrix.hpp'
     'inst/include/ql/math/optimization/levenbergmarquardt.hpp'
     'inst/include/ql/math/statistics/incrementalstatistics.hpp'
     'inst/include/ql/time/date.hpp' 'inst/include/ql/time/imm.hpp'
     'inst/include/ql/utilities/dataparsers.hpp'
     'inst/include/ql/utilities/null.hpp'
Flavors: r-devel-linux-x86_64-debian-clang, r-devel-linux-x86_64-debian-gcc, r-devel-linux-x86_64-fedora-clang, r-devel-linux-x86_64-fedora-gcc, r-devel-windows-ix86+x86_64, r-patched-linux-x86_64, r-release-linux-x86_64, r-release-windows-ix86+x86_64, r-oldrel-windows-ix86+x86_64

Version: 0.0.2
Check: installed package size
Result: NOTE
     installed size is 16.6Mb
     sub-directories of 1Mb or more:
     include 8.9Mb
     libs 7.5Mb
Flavors: r-devel-linux-x86_64-fedora-clang, r-devel-windows-ix86+x86_64, r-patched-solaris-x86, r-release-windows-ix86+x86_64, r-release-osx-x86_64, r-oldrel-windows-ix86+x86_64, r-oldrel-osx-x86_64