CRAN Package Check Results for Package Rcereal

Last updated on 2019-10-21 02:46:40 CEST.

Flavor Version Tinstall Tcheck Ttotal Status Flags
r-devel-linux-x86_64-debian-clang 1.2.1 1.86 18.81 20.67 NOTE
r-devel-linux-x86_64-debian-gcc 1.2.1 1.52 15.24 16.76 NOTE
r-devel-linux-x86_64-fedora-clang 1.2.1 25.71 NOTE
r-devel-linux-x86_64-fedora-gcc 1.2.1 25.47 NOTE
r-devel-windows-ix86+x86_64 1.2.1 6.00 32.00 38.00 NOTE
r-patched-linux-x86_64 1.2.1 1.52 18.31 19.83 NOTE
r-patched-solaris-x86 1.2.1 40.30 NOTE
r-release-linux-x86_64 1.2.1 1.37 18.46 19.83 NOTE
r-release-windows-ix86+x86_64 1.2.1 9.00 30.00 39.00 NOTE
r-release-osx-x86_64 1.2.1 NOTE
r-oldrel-windows-ix86+x86_64 1.2.1 4.00 28.00 32.00 OK
r-oldrel-osx-x86_64 1.2.1 OK

Check Details

Version: 1.2.1
Check: line endings in C/C++/Fortran sources/headers
Result: NOTE
    Found the following sources/headers not terminated with a newline:
     inst/include/cereal/types/memory.hpp
    Some compilers warn on such files.
Flavors: r-devel-linux-x86_64-debian-clang, r-devel-linux-x86_64-debian-gcc, r-devel-linux-x86_64-fedora-clang, r-devel-linux-x86_64-fedora-gcc, r-devel-windows-ix86+x86_64, r-patched-linux-x86_64, r-patched-solaris-x86, r-release-linux-x86_64, r-release-windows-ix86+x86_64, r-release-osx-x86_64