CRAN Package Check Results for Package Rcereal

Last updated on 2019-07-16 01:50:34 CEST.

Flavor Version Tinstall Tcheck Ttotal Status Flags
r-devel-linux-x86_64-debian-clang 1.2.1 1.55 18.72 20.27 NOTE
r-devel-linux-x86_64-debian-gcc 1.2.1 1.27 15.55 16.82 NOTE
r-devel-linux-x86_64-fedora-clang 1.2.1 25.49 NOTE
r-devel-linux-x86_64-fedora-gcc 1.2.1 24.36 NOTE
r-devel-windows-ix86+x86_64 1.2.1 16.00 43.00 59.00 NOTE
r-patched-linux-x86_64 1.2.1 1.67 18.97 20.64 NOTE
r-patched-solaris-x86 1.2.1 43.40 NOTE
r-release-linux-x86_64 1.2.1 1.51 19.04 20.55 NOTE
r-release-windows-ix86+x86_64 1.2.1 13.00 55.00 68.00 NOTE
r-release-osx-x86_64 1.2.1 NOTE
r-oldrel-windows-ix86+x86_64 1.2.1 12.00 41.00 53.00 OK
r-oldrel-osx-x86_64 1.2.1 OK

Check Details

Version: 1.2.1
Check: line endings in C/C++/Fortran sources/headers
Result: NOTE
    Found the following sources/headers not terminated with a newline:
     inst/include/cereal/types/memory.hpp
    Some compilers warn on such files.
Flavors: r-devel-linux-x86_64-debian-clang, r-devel-linux-x86_64-debian-gcc, r-devel-linux-x86_64-fedora-clang, r-devel-linux-x86_64-fedora-gcc, r-devel-windows-ix86+x86_64, r-patched-linux-x86_64, r-patched-solaris-x86, r-release-linux-x86_64, r-release-windows-ix86+x86_64, r-release-osx-x86_64