CRAN Package Check Results for Package RVFam

Last updated on 2019-08-20 01:48:17 CEST.

Flavor Version Tinstall Tcheck Ttotal Status Flags
r-devel-linux-x86_64-debian-clang 1.1 11.27 74.89 86.16 NOTE
r-devel-linux-x86_64-debian-gcc 1.1 9.63 59.44 69.07 NOTE
r-devel-linux-x86_64-fedora-clang 1.1 104.43 NOTE
r-devel-linux-x86_64-fedora-gcc 1.1 104.54 NOTE
r-devel-windows-ix86+x86_64 1.1 27.00 111.00 138.00 NOTE
r-patched-linux-x86_64 1.1 10.15 74.21 84.36 NOTE
r-patched-solaris-x86 1.1 157.80 NOTE
r-release-linux-x86_64 1.1 11.35 74.02 85.37 NOTE
r-release-windows-ix86+x86_64 1.1 18.00 80.00 98.00 NOTE
r-release-osx-x86_64 1.1 NOTE
r-oldrel-windows-ix86+x86_64 1.1 19.00 116.00 135.00 NOTE
r-oldrel-osx-x86_64 1.1 NOTE

Check Details

Version: 1.1
Check: R code for possible problems
Result: NOTE
    coxph.EC : maf.fun: no visible global function definition for 'na.omit'
    coxph.EC : maf.fun.x: no visible global function definition for
     'na.omit'
    coxph.EC : cor.snp: no visible global function definition for 'sd'
    coxph.EC : cor.snp: no visible global function definition for 'cor'
    coxph.EC: no visible global function definition for 'pchisq'
    coxph.ped : read.in.data: no visible global function definition for
     'read.table'
    coxph.ped: no visible global function definition for 'read.csv'
    coxph.ped: no visible global function definition for 'na.omit'
    coxph.ped: no visible global function definition for 'var'
    coxph.ped: no visible binding for global variable 'var'
    coxph.ped: no visible global function definition for 'cor'
    coxph.ped: no visible global function definition for 'write.table'
    coxph.ped: no visible global function definition for 'read.table'
    coxph.ped: no visible global function definition for 'dbeta'
    coxph.ped: no visible global function definition for 'pchisq'
    gc.fun: no visible global function definition for 'read.csv'
    gc.fun: no visible global function definition for 'read.table'
    gc.fun: no visible global function definition for 'qchisq'
    gc.fun: no visible global function definition for 'median'
    gc.fun: no visible global function definition for 'na.omit'
    gc.fun: no visible global function definition for 'pchisq'
    gc.fun: no visible global function definition for 'write.table'
    gc.fun: no visible global function definition for 'dbeta'
    glmm.EC : maf.fun: no visible global function definition for 'na.omit'
    glmm.EC : maf.fun.x: no visible global function definition for
     'na.omit'
    glmm.EC : cor.snp: no visible global function definition for 'sd'
    glmm.EC : cor.snp: no visible global function definition for 'cor'
    glmm.EC: no visible global function definition for 'logLik'
    glmm.EC: no visible global function definition for 'coef'
    glmm.EC: no visible global function definition for 'pchisq'
    glmm.binped : read.in.data: no visible global function definition for
     'read.table'
    glmm.binped: no visible global function definition for 'read.csv'
    glmm.binped: no visible global function definition for 'na.omit'
    glmm.binped: no visible global function definition for 'var'
    glmm.binped: no visible binding for global variable 'var'
    glmm.binped: no visible global function definition for 'cor'
    glmm.binped: no visible global function definition for 'write.table'
    glmm.binped: no visible global function definition for 'read.table'
    glmm.binped: no visible global function definition for 'dbeta'
    glmm.binped: no visible global function definition for 'pchisq'
    lme.EC : maf.fun: no visible global function definition for 'na.omit'
    lme.EC : maf.fun.x: no visible global function definition for 'na.omit'
    lme.EC : cor.snp: no visible global function definition for 'sd'
    lme.EC : cor.snp: no visible global function definition for 'cor'
    lme.EC: no visible global function definition for 'pchisq'
    lme.ped : read.in.data: no visible global function definition for
     'read.table'
    lme.ped: no visible global function definition for 'read.csv'
    lme.ped: no visible global function definition for 'na.omit'
    lme.ped: no visible global function definition for 'var'
    lme.ped: no visible binding for global variable 'var'
    lme.ped: no visible global function definition for 'cor'
    lme.ped: no visible global function definition for 'write.table'
    lme.ped: no visible global function definition for 'read.table'
    lme.ped: no visible global function definition for 'dbeta'
    lme.ped: no visible global function definition for 'pchisq'
    Undefined global functions or variables:
     coef cor dbeta logLik median na.omit pchisq qchisq read.csv
     read.table sd var write.table
    Consider adding
     importFrom("stats", "coef", "cor", "dbeta", "logLik", "median",
     "na.omit", "pchisq", "qchisq", "sd", "var")
     importFrom("utils", "read.csv", "read.table", "write.table")
    to your NAMESPACE file.
Flavors: r-devel-linux-x86_64-debian-clang, r-devel-linux-x86_64-debian-gcc, r-devel-linux-x86_64-fedora-clang, r-devel-linux-x86_64-fedora-gcc, r-devel-windows-ix86+x86_64, r-patched-linux-x86_64, r-patched-solaris-x86, r-release-linux-x86_64, r-release-windows-ix86+x86_64, r-release-osx-x86_64, r-oldrel-windows-ix86+x86_64, r-oldrel-osx-x86_64