CRAN Package Check Results for Package RSuite

Last updated on 2019-05-27 01:47:55 CEST.

Flavor Version Tinstall Tcheck Ttotal Status Flags
r-devel-linux-x86_64-debian-clang 0.36-252 12.12 185.48 197.60 OK
r-devel-linux-x86_64-debian-gcc 0.36-252 9.75 142.54 152.29 OK
r-devel-linux-x86_64-fedora-clang 0.36-252 247.41 OK
r-devel-linux-x86_64-fedora-gcc 0.36-252 243.81 OK
r-devel-windows-ix86+x86_64 0.36-252 22.00 428.00 450.00 OK
r-patched-linux-x86_64 0.36-252 OK
r-patched-solaris-x86 0.36-252 157.10 ERROR
r-release-linux-x86_64 0.36-252 13.08 182.95 196.03 OK
r-release-windows-ix86+x86_64 0.36-252 37.00 490.00 527.00 OK
r-release-osx-x86_64 0.36-252 OK
r-oldrel-windows-ix86+x86_64 0.36-252 23.00 314.00 337.00 OK
r-oldrel-osx-x86_64 0.36-252 OK

Check Details

Version: 0.36-252
Check: examples
Result: ERROR
    Running examples in ‘RSuite-Ex.R’ failed
    The error most likely occurred in:
    
    > ### Name: prj_pack
    > ### Title: Prepares project source pack tagged with version.
    > ### Aliases: prj_pack
    >
    > ### ** Examples
    >
    > # create exemplary project base folder
    > prj_base <- tempfile("example_")
    > dir.create(prj_base, recursive = TRUE, showWarnings = FALSE)
    >
    > # start project
    > prj <- prj_start("my_project", skip_rc = TRUE, path = prj_base)
    2019-05-23 14:26:13 INFO:rsuite:Project my_project has structure compliant with current version of RSuite(v0.36.252).
    2019-05-23 14:26:13 INFO:rsuite:Project my_project started.
    >
    > # create package in the project
    > prj_start_package("mypackage", prj = prj, skip_rc = TRUE)
    2019-05-23 14:26:13 INFO:rsuite:Package mypackage started in project my_project.
    >
    > # build project source pack
    > pack_fpath <- prj_pack(prj = prj, path = tempdir(), pack_ver = "1.0")
    2019-05-23 14:26:13 WARNING:rsuite:Project environment is not locked!
    2019-05-23 14:26:13 INFO:rsuite:Exporting project from /tmp/RtmpTUaOGP/example_5305c946cad/my_project ...
    2019-05-23 14:26:13 INFO:rsuite:Exporting project from /tmp/RtmpTUaOGP/example_5305c946cad/my_project ... done
    2019-05-23 14:26:14 WARNING:rsuite:Zip building aborted for /tmp/RtmpTUaOGP/prjpack_my_project_1.0x.zip
    2019-05-23 14:26:14 ERROR:rsuite:Failed to create pack file (zip returned non 0 return status).
    Error: Failed to create pack file (zip returned non 0 return status).
    Execution halted
Flavor: r-patched-solaris-x86