CRAN Package Check Results for Package RSuite

Last updated on 2019-08-20 01:48:17 CEST.

Flavor Version Tinstall Tcheck Ttotal Status Flags
r-devel-linux-x86_64-debian-clang 0.37-253 14.21 185.96 200.17 OK
r-devel-linux-x86_64-debian-gcc 0.37-253 12.51 145.01 157.52 OK
r-devel-linux-x86_64-fedora-clang 0.37-253 257.85 OK
r-devel-linux-x86_64-fedora-gcc 0.37-253 258.81 OK
r-devel-windows-ix86+x86_64 0.37-253 34.00 538.00 572.00 OK
r-patched-linux-x86_64 0.37-253 13.83 180.76 194.59 OK
r-patched-solaris-x86 0.37-253 168.20 ERROR
r-release-linux-x86_64 0.37-253 13.27 180.44 193.71 OK
r-release-windows-ix86+x86_64 0.37-253 27.00 455.00 482.00 OK
r-release-osx-x86_64 0.37-253 OK
r-oldrel-windows-ix86+x86_64 0.37-253 27.00 449.00 476.00 OK
r-oldrel-osx-x86_64 0.37-253 OK

Check Details

Version: 0.37-253
Check: examples
Result: ERROR
    Running examples in ‘RSuite-Ex.R’ failed
    The error most likely occurred in:
    
    > ### Name: prj_pack
    > ### Title: Prepares project source pack tagged with version.
    > ### Aliases: prj_pack
    >
    > ### ** Examples
    >
    > # create exemplary project base folder
    > prj_base <- tempfile("example_")
    > dir.create(prj_base, recursive = TRUE, showWarnings = FALSE)
    >
    > # start project
    > prj <- prj_start("my_project", skip_rc = TRUE, path = prj_base)
    2019-08-06 05:27:53 INFO:rsuite:Project my_project has structure compliant with current version of RSuite(v0.37.253).
    2019-08-06 05:27:53 INFO:rsuite:Project my_project started.
    >
    > # create package in the project
    > prj_start_package("mypackage", prj = prj, skip_rc = TRUE)
    2019-08-06 05:27:53 INFO:rsuite:Package mypackage started in project my_project.
    >
    > # build project source pack
    > pack_fpath <- prj_pack(prj = prj, path = tempdir(), pack_ver = "1.0")
    2019-08-06 05:27:53 WARNING:rsuite:Project environment is not locked!
    2019-08-06 05:27:53 INFO:rsuite:Exporting project from /tmp/Rtmp0FaGQK/example_49544a670dd/my_project ...
    2019-08-06 05:27:53 INFO:rsuite:Exporting project from /tmp/Rtmp0FaGQK/example_49544a670dd/my_project ... done
    2019-08-06 05:27:54 WARNING:rsuite:Zip building aborted for /tmp/Rtmp0FaGQK/prjpack_my_project_1.0x.zip
    2019-08-06 05:27:54 ERROR:rsuite:Failed to create pack file (zip returned non 0 return status).
    Error: Failed to create pack file (zip returned non 0 return status).
    Execution halted
Flavor: r-patched-solaris-x86