CRAN Package Check Results for Package RPEnsemble

Last updated on 2019-12-05 00:52:11 CET.

Flavor Version Tinstall Tcheck Ttotal Status Flags
r-devel-linux-x86_64-debian-clang 0.4 2.67 23.70 26.37 OK
r-devel-linux-x86_64-debian-gcc 0.4 2.43 18.87 21.30 OK
r-devel-linux-x86_64-fedora-clang 0.4 30.70 OK
r-devel-linux-x86_64-fedora-gcc 0.4 32.94 OK
r-devel-windows-ix86+x86_64 0.4 6.00 46.00 52.00 OK
r-devel-windows-ix86+x86_64-gcc8 0.4 6.00 37.00 43.00 OK
r-patched-linux-x86_64 0.4 2.49 21.91 24.40 NOTE
r-patched-solaris-x86 0.4 51.50 OK
r-release-linux-x86_64 0.4 2.77 22.70 25.47 NOTE
r-release-windows-ix86+x86_64 0.4 10.00 60.00 70.00 OK
r-release-osx-x86_64 0.4 OK
r-oldrel-windows-ix86+x86_64 0.4 3.00 53.00 56.00 OK
r-oldrel-osx-x86_64 0.4 OK

Check Details

Version: 0.4
Check: DESCRIPTION meta-information
Result: NOTE
    Dependence on R version ‘3.4.2’ not with patchlevel 0
Flavors: r-patched-linux-x86_64, r-release-linux-x86_64