CRAN Package Check Results for Package RPEnsemble

Last updated on 2019-08-20 01:48:17 CEST.

Flavor Version Tinstall Tcheck Ttotal Status Flags
r-devel-linux-x86_64-debian-clang 0.4 2.88 22.37 25.25 OK
r-devel-linux-x86_64-debian-gcc 0.4 2.40 17.92 20.32 OK
r-devel-linux-x86_64-fedora-clang 0.4 32.42 OK
r-devel-linux-x86_64-fedora-gcc 0.4 29.56 OK
r-devel-windows-ix86+x86_64 0.4 7.00 56.00 63.00 OK
r-patched-linux-x86_64 0.4 2.47 22.55 25.02 NOTE
r-patched-solaris-x86 0.4 54.80 OK
r-release-linux-x86_64 0.4 2.64 22.36 25.00 NOTE
r-release-windows-ix86+x86_64 0.4 5.00 38.00 43.00 OK
r-release-osx-x86_64 0.4 OK
r-oldrel-windows-ix86+x86_64 0.4 8.00 50.00 58.00 OK
r-oldrel-osx-x86_64 0.4 OK

Check Details

Version: 0.4
Check: DESCRIPTION meta-information
Result: NOTE
    Dependence on R version ‘3.4.2’ not with patchlevel 0
Flavors: r-patched-linux-x86_64, r-release-linux-x86_64