CRAN Package Check Results for Package ROptEst

Last updated on 2019-12-11 00:49:32 CET.

Flavor Version Tinstall Tcheck Ttotal Status Flags
r-devel-linux-x86_64-debian-clang 1.2.1 39.42 160.88 200.30 OK
r-devel-linux-x86_64-debian-gcc 1.2.1 32.10 124.56 156.66 OK
r-devel-linux-x86_64-fedora-clang 1.2.1 231.24 OK
r-devel-linux-x86_64-fedora-gcc 1.2.1 231.86 OK
r-devel-windows-ix86+x86_64 1.2.1 46.00 175.00 221.00 OK
r-devel-windows-ix86+x86_64-gcc8 1.2.1 48.00 155.00 203.00 OK
r-patched-linux-x86_64 1.2.1 27.57 138.42 165.99 OK
r-patched-solaris-x86 1.2.1 272.00 OK
r-release-linux-x86_64 1.2.1 28.46 140.02 168.48 OK
r-release-windows-ix86+x86_64 1.2.1 43.00 149.00 192.00 OK
r-release-osx-x86_64 1.2.1 NOTE
r-oldrel-windows-ix86+x86_64 1.2.1 33.00 129.00 162.00 OK
r-oldrel-osx-x86_64 1.2.1 OK

Check Details

Version: 1.2.1
Check: package dependencies
Result: NOTE
    Package suggested but not available for checking: ‘RobLox’
Flavor: r-release-osx-x86_64

Version: 1.2.1
Check: Rd cross-references
Result: NOTE
    Package unavailable to check Rd xrefs: ‘RobLox’
Flavor: r-release-osx-x86_64