CRAN Package Check Results for Package ROptEst

Last updated on 2019-08-20 01:48:17 CEST.

Flavor Version Tinstall Tcheck Ttotal Status Flags
r-devel-linux-x86_64-debian-clang 1.2.1 30.10 140.33 170.43 OK
r-devel-linux-x86_64-debian-gcc 1.2.1 26.42 109.93 136.35 OK
r-devel-linux-x86_64-fedora-clang 1.2.1 205.03 OK
r-devel-linux-x86_64-fedora-gcc 1.2.1 209.55 OK
r-devel-windows-ix86+x86_64 1.2.1 63.00 205.00 268.00 OK
r-patched-linux-x86_64 1.2.1 29.36 139.01 168.37 OK
r-patched-solaris-x86 1.2.1 289.10 OK
r-release-linux-x86_64 1.2.1 26.44 137.40 163.84 OK
r-release-windows-ix86+x86_64 1.2.1 43.00 140.00 183.00 OK
r-release-osx-x86_64 1.2.1 NOTE
r-oldrel-windows-ix86+x86_64 1.2.1 49.00 186.00 235.00 OK
r-oldrel-osx-x86_64 1.2.1 OK

Check Details

Version: 1.2.1
Check: package dependencies
Result: NOTE
    Package suggested but not available for checking: ‘RobLox’
Flavor: r-release-osx-x86_64

Version: 1.2.1
Check: Rd cross-references
Result: NOTE
    Package unavailable to check Rd xrefs: ‘RobLox’
Flavor: r-release-osx-x86_64