CRAN Package Check Results for Package RMTL

Last updated on 2019-07-22 01:46:29 CEST.

Flavor Version Tinstall Tcheck Ttotal Status Flags
r-devel-linux-x86_64-debian-clang 0.9 4.15 43.31 47.46 NOTE
r-devel-linux-x86_64-debian-gcc 0.9 3.47 33.00 36.47 NOTE
r-devel-linux-x86_64-fedora-clang 0.9 56.08 OK
r-devel-linux-x86_64-fedora-gcc 0.9 54.45 OK
r-devel-windows-ix86+x86_64 0.9 6.00 50.00 56.00 NOTE
r-patched-linux-x86_64 0.9 4.44 43.19 47.63 OK
r-patched-solaris-x86 0.9 77.90 OK
r-release-linux-x86_64 0.9 4.28 42.30 46.58 OK
r-release-windows-ix86+x86_64 0.9 6.00 51.00 57.00 OK
r-release-osx-x86_64 0.9 OK
r-oldrel-windows-ix86+x86_64 0.9 7.00 72.00 79.00 OK
r-oldrel-osx-x86_64 0.9 OK

Check Details

Version: 0.9
Check: package vignettes
Result: NOTE
    Package vignette with placeholder title 'Vignette Title':
     'rmtl.Rmd'
Flavors: r-devel-linux-x86_64-debian-clang, r-devel-linux-x86_64-debian-gcc, r-devel-windows-ix86+x86_64