CRAN Package Check Results for Package RMKdiscrete

Last updated on 2019-05-22 01:46:46 CEST.

Flavor Version Tinstall Tcheck Ttotal Status Flags
r-devel-linux-x86_64-debian-clang 0.1 4.30 34.68 38.98 NOTE
r-devel-linux-x86_64-debian-gcc 0.1 3.77 27.90 31.67 NOTE
r-devel-linux-x86_64-fedora-clang 0.1 42.19 NOTE
r-devel-linux-x86_64-fedora-gcc 0.1 40.69 NOTE
r-devel-windows-ix86+x86_64 0.1 134.00 73.00 207.00 NOTE
r-patched-linux-x86_64 0.1 4.83 34.80 39.63 NOTE
r-patched-solaris-x86 0.1 58.50 NOTE
r-release-linux-x86_64 0.1 4.79 35.63 40.42 NOTE
r-release-windows-ix86+x86_64 0.1 20.00 71.00 91.00 NOTE
r-release-osx-x86_64 0.1 NOTE
r-oldrel-windows-ix86+x86_64 0.1 11.00 51.00 62.00 NOTE
r-oldrel-osx-x86_64 0.1 NOTE

Check Details

Version: 0.1
Check: R code for possible problems
Result: NOTE
    .pLGP_qvec: no visible global function definition for 'ppois'
    .qLGP_pvec: no visible global function definition for 'qpois'
    .rLGP.failsafe: no visible global function definition for 'runif'
    .subdmg: no visible global function definition for 'dbinom'
    dnegbin: no visible global function definition for 'dnbinom'
    pLGP: no visible global function definition for 'ppois'
    qLGP: no visible global function definition for 'qpois'
    rLGP: no visible global function definition for 'rpois'
    rLGP: no visible global function definition for 'rnorm'
    rLGP: no visible global function definition for 'runif'
    rbinegbin: no visible global function definition for 'rnbinom'
    rmanaclash: no visible global function definition for 'rbinom'
    rmanaclash: no visible global function definition for 'runif'
    Undefined global functions or variables:
     dbinom dnbinom ppois qpois rbinom rnbinom rnorm rpois runif
    Consider adding
     importFrom("stats", "dbinom", "dnbinom", "ppois", "qpois", "rbinom",
     "rnbinom", "rnorm", "rpois", "runif")
    to your NAMESPACE file.
Flavors: r-devel-linux-x86_64-debian-clang, r-devel-linux-x86_64-debian-gcc, r-devel-linux-x86_64-fedora-clang, r-devel-linux-x86_64-fedora-gcc, r-devel-windows-ix86+x86_64, r-patched-linux-x86_64, r-patched-solaris-x86, r-release-linux-x86_64, r-release-windows-ix86+x86_64, r-release-osx-x86_64, r-oldrel-windows-ix86+x86_64, r-oldrel-osx-x86_64

Version: 0.1
Check: compiled code
Result: NOTE
    File ‘RMKdiscrete/libs/RMKdiscrete.so’:
     Found no calls to: ‘R_registerRoutines’, ‘R_useDynamicSymbols’
    
    It is good practice to register native routines and to disable symbol
    search.
    
    See ‘Writing portable packages’ in the ‘Writing R Extensions’ manual.
Flavors: r-devel-linux-x86_64-fedora-clang, r-devel-linux-x86_64-fedora-gcc