CRAN Package Check Results for Package RLRsim

Last updated on 2019-09-20 01:47:54 CEST.

Flavor Version Tinstall Tcheck Ttotal Status Flags
r-devel-linux-x86_64-debian-clang 3.1-3 20.97 60.17 81.14 OK
r-devel-linux-x86_64-debian-gcc 3.1-3 16.29 47.58 63.87 OK
r-devel-linux-x86_64-fedora-clang 3.1-3 107.47 NOTE
r-devel-linux-x86_64-fedora-gcc 3.1-3 103.24 NOTE
r-devel-windows-ix86+x86_64 3.1-3 54.00 101.00 155.00 OK
r-patched-linux-x86_64 3.1-3 17.08 59.01 76.09 OK
r-patched-solaris-x86 3.1-3 141.40 OK
r-release-linux-x86_64 3.1-3 16.93 59.40 76.33 OK
r-release-windows-ix86+x86_64 3.1-3 35.00 92.00 127.00 OK
r-release-osx-x86_64 3.1-3 OK
r-oldrel-windows-ix86+x86_64 3.1-3 31.00 90.00 121.00 OK
r-oldrel-osx-x86_64 3.1-3 OK

Check Details

Version: 3.1-3
Check: compiled code
Result: NOTE
    File ‘RLRsim/libs/RLRsim.so’:
     Found no calls to: ‘R_registerRoutines’, ‘R_useDynamicSymbols’
    
    It is good practice to register native routines and to disable symbol
    search.
    
    See ‘Writing portable packages’ in the ‘Writing R Extensions’ manual.
Flavors: r-devel-linux-x86_64-fedora-clang, r-devel-linux-x86_64-fedora-gcc