CRAN Package Check Results for Package RImageJROI

Last updated on 2019-08-25 01:47:24 CEST.

Flavor Version Tinstall Tcheck Ttotal Status Flags
r-devel-linux-x86_64-debian-clang 0.1.1 7.24 63.73 70.97 NOTE
r-devel-linux-x86_64-debian-gcc 0.1.1 6.56 50.49 57.05 NOTE
r-devel-linux-x86_64-fedora-clang 0.1.1 88.39 NOTE
r-devel-linux-x86_64-fedora-gcc 0.1.1 87.09 NOTE
r-devel-windows-ix86+x86_64 0.1.1 16.00 72.00 88.00 NOTE
r-patched-linux-x86_64 0.1.1 5.71 62.98 68.69 NOTE
r-patched-solaris-x86 0.1.1 139.30 NOTE
r-release-linux-x86_64 0.1.1 7.51 62.45 69.96 NOTE
r-release-windows-ix86+x86_64 0.1.1 20.00 100.00 120.00 NOTE
r-release-osx-x86_64 0.1.1 NOTE
r-oldrel-windows-ix86+x86_64 0.1.1 12.00 91.00 103.00 NOTE
r-oldrel-osx-x86_64 0.1.1 NOTE

Check Details

Version: 0.1.1
Check: R code for possible problems
Result: NOTE
    plot.ijzip: no visible global function definition for 'plot'
    plot.ijzip : <anonymous>: no visible global function definition for
     'plot'
    plot.ijzip: no visible global function definition for 'axis'
    read.ijzip: no visible global function definition for 'unzip'
    Undefined global functions or variables:
     axis plot unzip
    Consider adding
     importFrom("graphics", "axis", "plot")
     importFrom("utils", "unzip")
    to your NAMESPACE file.
Flavors: r-devel-linux-x86_64-debian-clang, r-devel-linux-x86_64-debian-gcc, r-devel-linux-x86_64-fedora-clang, r-devel-linux-x86_64-fedora-gcc, r-devel-windows-ix86+x86_64, r-patched-linux-x86_64, r-patched-solaris-x86, r-release-linux-x86_64, r-release-windows-ix86+x86_64, r-release-osx-x86_64, r-oldrel-windows-ix86+x86_64, r-oldrel-osx-x86_64