CRAN Package Check Results for Package RImageJROI

Last updated on 2020-01-27 00:48:18 CET.

Flavor Version Tinstall Tcheck Ttotal Status Flags
r-devel-linux-x86_64-debian-clang 0.1.1 8.52 69.89 78.41 NOTE
r-devel-linux-x86_64-debian-gcc 0.1.1 6.78 55.50 62.28 NOTE
r-devel-linux-x86_64-fedora-clang 0.1.1 93.58 NOTE
r-devel-linux-x86_64-fedora-gcc 0.1.1 94.40 NOTE
r-devel-windows-ix86+x86_64 0.1.1 21.00 109.00 130.00 NOTE
r-devel-windows-ix86+x86_64-gcc8 0.1.1 22.00 81.00 103.00 NOTE
r-patched-linux-x86_64 0.1.1 6.85 63.21 70.06 NOTE
r-patched-solaris-x86 0.1.1 134.50 NOTE
r-release-linux-x86_64 0.1.1 6.38 63.67 70.05 NOTE
r-release-windows-ix86+x86_64 0.1.1 14.00 69.00 83.00 NOTE
r-release-osx-x86_64 0.1.1 NOTE
r-oldrel-windows-ix86+x86_64 0.1.1 8.00 73.00 81.00 NOTE
r-oldrel-osx-x86_64 0.1.1 NOTE

Check Details

Version: 0.1.1
Check: R code for possible problems
Result: NOTE
    plot.ijzip: no visible global function definition for 'plot'
    plot.ijzip : <anonymous>: no visible global function definition for
     'plot'
    plot.ijzip: no visible global function definition for 'axis'
    read.ijzip: no visible global function definition for 'unzip'
    Undefined global functions or variables:
     axis plot unzip
    Consider adding
     importFrom("graphics", "axis", "plot")
     importFrom("utils", "unzip")
    to your NAMESPACE file.
Flavors: r-devel-linux-x86_64-debian-clang, r-devel-linux-x86_64-debian-gcc, r-devel-linux-x86_64-fedora-clang, r-devel-linux-x86_64-fedora-gcc, r-devel-windows-ix86+x86_64, r-devel-windows-ix86+x86_64-gcc8, r-patched-linux-x86_64, r-patched-solaris-x86, r-release-linux-x86_64, r-release-windows-ix86+x86_64, r-release-osx-x86_64, r-oldrel-windows-ix86+x86_64, r-oldrel-osx-x86_64