CRAN Package Check Results for Package RDS

Last updated on 2019-06-26 01:54:31 CEST.

Flavor Version Tinstall Tcheck Ttotal Status Flags
r-devel-linux-x86_64-debian-clang 0.9-0 22.85 162.09 184.94 OK
r-devel-linux-x86_64-debian-gcc 0.9-0 20.22 123.63 143.85 OK
r-devel-linux-x86_64-fedora-clang 0.9-0 215.81 OK
r-devel-linux-x86_64-fedora-gcc 0.9-0 205.78 OK
r-devel-windows-ix86+x86_64 0.9-0 72.00 316.00 388.00 OK
r-patched-linux-x86_64 0.9-0 22.48 158.83 181.31 OK
r-patched-solaris-x86 0.9-0 328.80 OK
r-release-linux-x86_64 0.9-0 19.63 159.19 178.82 OK
r-release-windows-ix86+x86_64 0.9-0 46.00 244.00 290.00 OK
r-release-osx-x86_64 0.9-0 OK
r-oldrel-windows-ix86+x86_64 0.9-0 35.00 208.00 243.00 OK
r-oldrel-osx-x86_64 0.9-0 ERROR

Check Details

Version: 0.9-0
Check: tests
Result: ERROR
     Running ‘tests.R’ [8s/8s]
    Running the tests in ‘tests/tests.R’ failed.
    Last 13 lines of output:
     500L, integer(0), 501L, integer(0), integer(0))), class = "network"), list("disease",
     levels2 = c(1, 3)), role = "target")
     11: check.ErgmTerm(nw, arglist, varnames = c("attrname", "base", "b1levels", "b2levels"),
     vartypes = c("character", "numeric", "character,numeric,logical", "character,numeric,logical"),
     defaultvalues = list(NULL, NULL, NULL, NULL), required = c(TRUE, FALSE, FALSE,
     FALSE))
     12: ergm_Init_abort("Model term does not recognize ", sQuote(name), " argument.")
     13: abort(paste0("In ", NVL(loc, default.loc, "unknown function"), ": ", ...))
    
     ══ testthat results ═══════════════════════════════════════════════════════════
     OK: 24 SKIPPED: 0 WARNINGS: 0 FAILED: 1
     1. Error: rds-MA (@test-estimators.R#31)
    
     Error: testthat unit tests failed
     Execution halted
Flavor: r-oldrel-osx-x86_64