CRAN Package Check Results for Package RDS

Last updated on 2019-09-15 01:47:04 CEST.

Flavor Version Tinstall Tcheck Ttotal Status Flags
r-devel-linux-x86_64-debian-clang 0.9-0 23.84 164.77 188.61 OK
r-devel-linux-x86_64-debian-gcc 0.9-0 19.97 123.90 143.87 OK
r-devel-linux-x86_64-fedora-clang 0.9-0 219.17 OK
r-devel-linux-x86_64-fedora-gcc 0.9-0 214.46 OK
r-devel-windows-ix86+x86_64 0.9-0 77.00 328.00 405.00 OK
r-patched-linux-x86_64 0.9-0 22.48 159.51 181.99 OK
r-patched-solaris-x86 0.9-0 300.20 OK
r-release-linux-x86_64 0.9-0 21.06 159.17 180.23 OK
r-release-windows-ix86+x86_64 0.9-0 50.00 226.00 276.00 OK
r-release-osx-x86_64 0.9-0 OK
r-oldrel-windows-ix86+x86_64 0.9-0 56.00 216.00 272.00 OK
r-oldrel-osx-x86_64 0.9-0 ERROR

Check Details

Version: 0.9-0
Check: tests
Result: ERROR
     Running ‘tests.R’ [8s/8s]
    Running the tests in ‘tests/tests.R’ failed.
    Last 13 lines of output:
     500L, integer(0), 501L, integer(0), integer(0))), class = "network"), list("disease",
     levels2 = c(1, 3)), role = "target")
     11: check.ErgmTerm(nw, arglist, varnames = c("attrname", "base", "b1levels", "b2levels"),
     vartypes = c("character", "numeric", "character,numeric,logical", "character,numeric,logical"),
     defaultvalues = list(NULL, NULL, NULL, NULL), required = c(TRUE, FALSE, FALSE,
     FALSE))
     12: ergm_Init_abort("Model term does not recognize ", sQuote(name), " argument.")
     13: abort(paste0("In ", NVL(loc, default.loc, "unknown function"), ": ", ...))
    
     ══ testthat results ═══════════════════════════════════════════════════════════
     [ OK: 24 | SKIPPED: 0 | WARNINGS: 0 | FAILED: 1 ]
     1. Error: rds-MA (@test-estimators.R#31)
    
     Error: testthat unit tests failed
     Execution halted
Flavor: r-oldrel-osx-x86_64