CRAN Package Check Results for Package RCSF

Last updated on 2019-09-15 01:47:03 CEST.

Flavor Version Tinstall Tcheck Ttotal Status Flags
r-devel-linux-x86_64-debian-clang 1.0.1 35.19 31.40 66.59 OK
r-devel-linux-x86_64-debian-gcc 1.0.1 24.90 25.81 50.71 OK
r-devel-linux-x86_64-fedora-clang 1.0.1 104.84 OK
r-devel-linux-x86_64-fedora-gcc 1.0.1 88.17 OK
r-devel-windows-ix86+x86_64 1.0.1 88.00 71.00 159.00 OK
r-patched-linux-x86_64 1.0.1 28.15 31.11 59.26 OK
r-patched-solaris-x86 1.0.1 121.30 ERROR
r-release-linux-x86_64 1.0.1 28.19 31.08 59.27 OK
r-release-windows-ix86+x86_64 1.0.1 61.00 68.00 129.00 OK
r-release-osx-x86_64 1.0.1 OK
r-oldrel-windows-ix86+x86_64 1.0.1 90.00 67.00 157.00 OK
r-oldrel-osx-x86_64 1.0.1 OK

Check Details

Version: 1.0.1
Check: tests
Result: ERROR
     Running ‘testthat.R’ [18s/52s]
    Running the tests in ‘tests/testthat.R’ failed.
    Complete output:
     > library(testthat)
     > library(RCSF)
     >
     > test_check("RCSF")
     ── 1. Failure: csf algorithm works (@test-CSF.R#8) ────────────────────────────
     length(id_ground) not equal to `expected`.
     1/1 mismatches
     [1] 15456 - 15459 == -3
    
     ══ testthat results ═══════════════════════════════════════════════════════════
     [ OK: 0 | SKIPPED: 0 | WARNINGS: 0 | FAILED: 1 ]
     1. Failure: csf algorithm works (@test-CSF.R#8)
    
     Error: testthat unit tests failed
     Execution halted
Flavor: r-patched-solaris-x86