CRAN Package Check Results for Package R2DGC

Last updated on 2019-11-12 00:52:52 CET.

Flavor Version Tinstall Tcheck Ttotal Status Flags
r-devel-linux-x86_64-debian-clang 1.0.3 3.72 33.14 36.86 NOTE
r-devel-linux-x86_64-debian-gcc 1.0.3 2.93 26.90 29.83 NOTE
r-devel-linux-x86_64-fedora-clang 1.0.3 47.31 OK
r-devel-linux-x86_64-fedora-gcc 1.0.3 46.51 OK
r-devel-windows-ix86+x86_64 1.0.3 8.00 74.00 82.00 NOTE
r-patched-linux-x86_64 1.0.3 2.86 32.76 35.62 OK
r-patched-solaris-x86 1.0.3 55.70 OK
r-release-linux-x86_64 1.0.3 3.19 32.67 35.86 OK
r-release-windows-ix86+x86_64 1.0.3 11.00 79.00 90.00 OK
r-release-osx-x86_64 1.0.3 OK
r-oldrel-windows-ix86+x86_64 1.0.3 7.00 96.00 103.00 OK
r-oldrel-osx-x86_64 1.0.3 OK

Check Details

Version: 1.0.3
Check: package vignettes
Result: NOTE
    Package vignette with placeholder title 'Vignette Title':
     'R2DGC.Rmd'
Flavors: r-devel-linux-x86_64-debian-clang, r-devel-linux-x86_64-debian-gcc, r-devel-windows-ix86+x86_64