CRAN Package Check Results for Package R2DGC

Last updated on 2019-07-23 01:50:00 CEST.

Flavor Version Tinstall Tcheck Ttotal Status Flags
r-devel-linux-x86_64-debian-clang 1.0.3 3.61 33.28 36.89 NOTE
r-devel-linux-x86_64-debian-gcc 1.0.3 2.43 27.28 29.71 NOTE
r-devel-linux-x86_64-fedora-clang 1.0.3 44.99 OK
r-devel-linux-x86_64-fedora-gcc 1.0.3 43.94 OK
r-devel-windows-ix86+x86_64 1.0.3 10.00 70.00 80.00 NOTE
r-patched-linux-x86_64 1.0.3 2.86 33.74 36.60 OK
r-patched-solaris-x86 1.0.3 60.10 OK
r-release-linux-x86_64 1.0.3 3.23 33.29 36.52 OK
r-release-windows-ix86+x86_64 1.0.3 6.00 70.00 76.00 OK
r-release-osx-x86_64 1.0.3 OK
r-oldrel-windows-ix86+x86_64 1.0.3 10.00 118.00 128.00 OK
r-oldrel-osx-x86_64 1.0.3 OK

Check Details

Version: 1.0.3
Check: package vignettes
Result: NOTE
    Package vignette with placeholder title 'Vignette Title':
     'R2DGC.Rmd'
Flavors: r-devel-linux-x86_64-debian-clang, r-devel-linux-x86_64-debian-gcc, r-devel-windows-ix86+x86_64