CRAN Package Check Results for Package ProfessR

Last updated on 2019-07-23 01:49:59 CEST.

Flavor Version Tinstall Tcheck Ttotal Status Flags
r-devel-linux-x86_64-debian-clang 2.3-5 4.01 34.56 38.57 NOTE
r-devel-linux-x86_64-debian-gcc 2.3-5 2.92 27.04 29.96 NOTE
r-devel-linux-x86_64-fedora-clang 2.3-5 45.31 NOTE
r-devel-linux-x86_64-fedora-gcc 2.3-5 44.31 NOTE
r-devel-windows-ix86+x86_64 2.3-5 7.00 53.00 60.00 OK
r-patched-linux-x86_64 2.3-5 3.67 32.84 36.51 OK
r-patched-solaris-x86 2.3-5 65.60 OK
r-release-linux-x86_64 2.3-5 3.29 33.49 36.78 OK
r-release-windows-ix86+x86_64 2.3-5 8.00 77.00 85.00 OK
r-release-osx-x86_64 2.3-5 OK
r-oldrel-windows-ix86+x86_64 2.3-5 5.00 47.00 52.00 OK
r-oldrel-osx-x86_64 2.3-5 OK

Check Details

Version: 2.3-5
Check: for non-standard things in the check directory
Result: NOTE
    Found the following files/directories:
     'exam1.tex' 'exam1.tex.ANS' 'my.questions' 'solfile'
Flavors: r-devel-linux-x86_64-debian-clang, r-devel-linux-x86_64-debian-gcc, r-devel-linux-x86_64-fedora-clang, r-devel-linux-x86_64-fedora-gcc