CRAN Package Check Results for Package PlackettLuce

Last updated on 2019-09-15 01:47:01 CEST.

Flavor Version Tinstall Tcheck Ttotal Status Flags
r-devel-linux-x86_64-debian-clang 0.2-8 10.71 186.19 196.90 OK
r-devel-linux-x86_64-debian-gcc 0.2-8 8.61 138.48 147.09 OK
r-devel-linux-x86_64-fedora-clang 0.2-8 224.83 OK
r-devel-linux-x86_64-fedora-gcc 0.2-8 221.53 OK
r-devel-windows-ix86+x86_64 0.2-8 41.00 250.00 291.00 OK
r-patched-linux-x86_64 0.2-8 8.80 180.86 189.66 OK
r-patched-solaris-x86 0.2-8 277.40 OK
r-release-linux-x86_64 0.2-8 9.42 176.62 186.04 OK
r-release-windows-ix86+x86_64 0.2-8 16.00 194.00 210.00 OK
r-release-osx-x86_64 0.2-8 NOTE
r-oldrel-windows-ix86+x86_64 0.2-8 19.00 179.00 198.00 ERROR
r-oldrel-osx-x86_64 0.2-8 ERROR

Check Details

Version: 0.2-8
Check: package dependencies
Result: NOTE
    Package suggested but not available for checking: ‘BiocStyle’
Flavors: r-release-osx-x86_64, r-oldrel-osx-x86_64

Version: 0.2-8
Check: R code for possible problems
Result: NOTE
    aggregate.rankings: no visible global function definition for 'asplit'
    Undefined global functions or variables:
     asplit
Flavors: r-oldrel-windows-ix86+x86_64, r-oldrel-osx-x86_64

Version: 0.2-8
Check: examples
Result: ERROR
    Running examples in 'PlackettLuce-Ex.R' failed
    The error most likely occurred in:
    
    > ### Name: aggregate
    > ### Title: Aggregate Rankings
    > ### Aliases: aggregate aggregate.rankings as.aggregated_rankings
    > ### [.aggregated_rankings freq
    >
    > ### ** Examples
    >
    > # create a rankings object with duplicated rankings
    > R <- matrix(c(1, 2, 0, 0,
    + 0, 1, 2, 3,
    + 2, 1, 1, 0,
    + 1, 2, 0, 0,
    + 2, 1, 1, 0,
    + 1, 0, 3, 2), nrow = 6, byrow = TRUE)
    > colnames(R) <- c("apple", "banana", "orange", "pear")
    > R <- as.rankings(R)
    >
    > # aggregate the rankings
    > A <- aggregate(R)
    Error in asplit(unclass(x), 1L) : could not find function "asplit"
    Calls: aggregate -> aggregate.rankings
    Execution halted
Flavors: r-oldrel-windows-ix86+x86_64, r-oldrel-osx-x86_64

Version: 0.2-8
Check: re-building of vignette outputs
Result: WARN
    Error in re-building vignettes:
     ...
    Quitting from lines 433-438 (Overview.Rmd)
    Error: processing vignette 'Overview.Rmd' failed with diagnostics:
    could not find function "asplit"
    Execution halted
Flavor: r-oldrel-windows-ix86+x86_64

Version: 0.2-8
Check: re-building of vignette outputs
Result: WARN
    Error in re-building vignettes:
     ...
    Warning in engine$weave(file, quiet = quiet, encoding = enc) :
     Pandoc (>= 1.12.3) and/or pandoc-citeproc not available. Falling back to R Markdown v1.
    Quitting from lines 433-438 (Overview.Rmd)
    Error: processing vignette 'Overview.Rmd' failed with diagnostics:
    could not find function "asplit"
    Execution halted
Flavor: r-oldrel-osx-x86_64