CRAN Package Check Results for Package PPQplan

Last updated on 2019-11-17 01:48:19 CET.

Flavor Version Tinstall Tcheck Ttotal Status Flags
r-devel-linux-x86_64-debian-clang 1.0.0 8.34 125.22 133.56 OK
r-devel-linux-x86_64-debian-gcc 1.0.0 6.73 88.44 95.17 OK
r-devel-linux-x86_64-fedora-clang 1.0.0 153.32 NOTE
r-devel-linux-x86_64-fedora-gcc 1.0.0 151.65 OK
r-devel-windows-ix86+x86_64 1.0.0 44.00 202.00 246.00 NOTE
r-patched-linux-x86_64 1.0.0 7.38 114.94 122.32 OK
r-patched-solaris-x86 1.0.0 149.60 WARN
r-release-linux-x86_64 1.0.0 7.42 114.52 121.94 OK
r-release-windows-ix86+x86_64 1.0.0 19.00 145.00 164.00 NOTE
r-release-osx-x86_64 1.0.0 WARN
r-oldrel-windows-ix86+x86_64 1.0.0 13.00 131.00 144.00 NOTE
r-oldrel-osx-x86_64 1.0.0 WARN

Check Details

Version: 1.0.0
Check: installed package size
Result: NOTE
     installed size is 12.0Mb
     sub-directories of 1Mb or more:
     doc 11.8Mb
Flavors: r-devel-linux-x86_64-fedora-clang, r-devel-windows-ix86+x86_64, r-patched-solaris-x86, r-release-windows-ix86+x86_64, r-release-osx-x86_64, r-oldrel-windows-ix86+x86_64, r-oldrel-osx-x86_64

Version: 1.0.0
Check: re-building of vignette outputs
Result: WARN
    Error(s) in re-building vignettes:
     ...
    --- re-building ‘PPQnote.Rmd’ using rmarkdown
    Warning in engine$weave(file, quiet = quiet, encoding = enc) :
     Pandoc (>= 1.12.3) and/or pandoc-citeproc not available. Falling back to R Markdown v1.
    --- finished re-building ‘PPQnote.Rmd’
    
    --- re-building ‘PPQplan-vignette.Rmd’ using rmarkdown
    Warning in engine$weave(file, quiet = quiet, encoding = enc) :
     Pandoc (>= 1.12.3) and/or pandoc-citeproc not available. Falling back to R Markdown v1.
    Warning: 'heatmap' objects don't have these attributes: 'showlegend'
    Valid attributes include:
    'type', 'visible', 'opacity', 'name', 'uid', 'ids', 'customdata', 'meta', 'hoverinfo', 'hoverlabel', 'stream', 'transforms', 'uirevision', 'z', 'x', 'x0', 'dx', 'y', 'y0', 'dy', 'text', 'hovertext', 'transpose', 'xtype', 'ytype', 'zsmooth', 'connectgaps', 'xgap', 'ygap', 'zhoverformat', 'hovertemplate', 'zauto', 'zmin', 'zmax', 'zmid', 'colorscale', 'autocolorscale', 'reversescale', 'showscale', 'colorbar', 'coloraxis', 'xcalendar', 'ycalendar', 'xaxis', 'yaxis', 'idssrc', 'customdatasrc', 'metasrc', 'hoverinfosrc', 'zsrc', 'xsrc', 'ysrc', 'textsrc', 'hovertextsrc', 'hovertemplatesrc', 'key', 'set', 'frame', 'transforms', '_isNestedKey', '_isSimpleKey', '_isGraticule', '_bbox'
    
    Warning in normalizePath(f2) :
     path[1]="webshot3ce915817a3.png": No such file or directory
    Warning in file(con, "rb") :
     cannot open file 'webshot3ce915817a3.png': No such file or directory
    Quitting from lines 135-136 (PPQplan-vignette.Rmd)
    Error: processing vignette 'PPQplan-vignette.Rmd' failed with diagnostics:
    cannot open the connection
    --- failed re-building ‘PPQplan-vignette.Rmd’
    
    SUMMARY: processing the following file failed:
     ‘PPQplan-vignette.Rmd’
    
    Error: Vignette re-building failed.
    Execution halted
Flavor: r-patched-solaris-x86

Version: 1.0.0
Check: whether package can be installed
Result: WARN
    Found the following significant warnings:
     Warning: 'rgl_init' failed, running with rgl.useNULL = TRUE
Flavors: r-release-osx-x86_64, r-oldrel-osx-x86_64

Version: 1.0.0
Check: dependencies in R code
Result: NOTE
    No protocol specified
Flavors: r-release-osx-x86_64, r-oldrel-osx-x86_64

Version: 1.0.0
Check: S3 generic/method consistency
Result: WARN
    No protocol specified
    See section ‘Generic functions and methods’ in the ‘Writing R
    Extensions’ manual.
Flavors: r-release-osx-x86_64, r-oldrel-osx-x86_64

Version: 1.0.0
Check: replacement functions
Result: WARN
    No protocol specified
    The argument of a replacement function which corresponds to the right
    hand side must be named ‘value’.
Flavors: r-release-osx-x86_64, r-oldrel-osx-x86_64

Version: 1.0.0
Check: foreign function calls
Result: NOTE
    No protocol specified
    See chapter ‘System and foreign language interfaces’ in the ‘Writing R
    Extensions’ manual.
Flavors: r-release-osx-x86_64, r-oldrel-osx-x86_64

Version: 1.0.0
Check: R code for possible problems
Result: NOTE
    No protocol specified
Flavors: r-release-osx-x86_64, r-oldrel-osx-x86_64

Version: 1.0.0
Check: for missing documentation entries
Result: WARN
    No protocol specified
    All user-level objects in a package should have documentation entries.
    See chapter ‘Writing R documentation files’ in the ‘Writing R
    Extensions’ manual.
Flavors: r-release-osx-x86_64, r-oldrel-osx-x86_64

Version: 1.0.0
Check: for code/documentation mismatches
Result: WARN
    No protocol specified
    No protocol specified
    No protocol specified
Flavors: r-release-osx-x86_64, r-oldrel-osx-x86_64

Version: 1.0.0
Check: Rd \usage sections
Result: NOTE
    No protocol specified
    The \usage entries for S3 methods should use the \method markup and not
    their full name.
    See chapter ‘Writing R documentation files’ in the ‘Writing R
    Extensions’ manual.
Flavors: r-release-osx-x86_64, r-oldrel-osx-x86_64

Version: 1.0.0
Check: re-building of vignette outputs
Result: WARN
    Error(s) in re-building vignettes:
     ...
    --- re-building ‘PPQnote.Rmd’ using rmarkdown
    Warning in engine$weave(file, quiet = quiet, encoding = enc) :
     Pandoc (>= 1.12.3) and/or pandoc-citeproc not available. Falling back to R Markdown v1.
    --- finished re-building ‘PPQnote.Rmd’
    
    --- re-building ‘PPQplan-vignette.Rmd’ using rmarkdown
    Warning in engine$weave(file, quiet = quiet, encoding = enc) :
     Pandoc (>= 1.12.3) and/or pandoc-citeproc not available. Falling back to R Markdown v1.
    No protocol specified
    Warning in normalizePath(f2) :
     path[1]="webshot83bd39d2f15.png": No such file or directory
    Warning in file(con, "rb") :
     cannot open file 'webshot83bd39d2f15.png': No such file or directory
    Quitting from lines 135-136 (PPQplan-vignette.Rmd)
    Error: processing vignette 'PPQplan-vignette.Rmd' failed with diagnostics:
    cannot open the connection
    --- failed re-building ‘PPQplan-vignette.Rmd’
    
    SUMMARY: processing the following file failed:
     ‘PPQplan-vignette.Rmd’
    
    Error: Vignette re-building failed.
    Execution halted
Flavor: r-release-osx-x86_64

Version: 1.0.0
Check: re-building of vignette outputs
Result: WARN
    Error in re-building vignettes:
     ...
    Warning in engine$weave(file, quiet = quiet, encoding = enc) :
     Pandoc (>= 1.12.3) and/or pandoc-citeproc not available. Falling back to R Markdown v1.
    Warning in engine$weave(file, quiet = quiet, encoding = enc) :
     Pandoc (>= 1.12.3) and/or pandoc-citeproc not available. Falling back to R Markdown v1.
    No protocol specified
    Warning in normalizePath(f2) :
     path[1]="webshot14bcf369ecf62.png": No such file or directory
    Warning in file(con, "rb") :
     cannot open file 'webshot14bcf369ecf62.png': No such file or directory
    Quitting from lines 135-136 (PPQplan-vignette.Rmd)
    Error: processing vignette 'PPQplan-vignette.Rmd' failed with diagnostics:
    cannot open the connection
    Execution halted
Flavor: r-oldrel-osx-x86_64