CRAN Package Check Results for Package PPQplan

Last updated on 2019-07-20 01:51:06 CEST.

Flavor Version Tinstall Tcheck Ttotal Status Flags
r-devel-linux-x86_64-debian-clang 0.1.0 6.81 114.16 120.97 NOTE
r-devel-linux-x86_64-debian-gcc 0.1.0 5.10 82.41 87.51 NOTE
r-devel-linux-x86_64-fedora-clang 0.1.0 138.93 OK
r-devel-linux-x86_64-fedora-gcc 0.1.0 132.31 OK
r-devel-windows-ix86+x86_64 0.1.0 22.00 177.00 199.00 NOTE
r-patched-linux-x86_64 0.1.0 6.98 110.14 117.12 OK
r-patched-solaris-x86 0.1.0 157.50 WARN
r-release-linux-x86_64 0.1.0 6.51 109.93 116.44 OK
r-release-windows-ix86+x86_64 0.1.0 16.00 130.00 146.00 OK
r-release-osx-x86_64 0.1.0 WARN
r-oldrel-windows-ix86+x86_64 0.1.0 10.00 125.00 135.00 OK
r-oldrel-osx-x86_64 0.1.0 WARN

Check Details

Version: 0.1.0
Check: package vignettes
Result: NOTE
    Package vignette with placeholder title 'Vignette Title':
     'PPQplan-vignette.Rmd'
Flavors: r-devel-linux-x86_64-debian-clang, r-devel-linux-x86_64-debian-gcc, r-devel-windows-ix86+x86_64

Version: 0.1.0
Check: re-building of vignette outputs
Result: WARN
    Error(s) in re-building vignettes:
     ...
    --- re-building ‘PPQplan-vignette.Rmd’ using rmarkdown
    Warning in engine$weave(file, quiet = quiet, encoding = enc) :
     Pandoc (>= 1.12.3) and/or pandoc-citeproc not available. Falling back to R Markdown v1.
    Warning in normalizePath(f2) :
     path[1]="webshot4f9810758d9.png": No such file or directory
    Warning in file(con, "rb") :
     cannot open file 'webshot4f9810758d9.png': No such file or directory
    Quitting from lines 125-126 (PPQplan-vignette.Rmd)
    Error: processing vignette 'PPQplan-vignette.Rmd' failed with diagnostics:
    cannot open the connection
    --- failed re-building ‘PPQplan-vignette.Rmd’
    
    SUMMARY: processing the following file failed:
     ‘PPQplan-vignette.Rmd’
    
    Error: Vignette re-building failed.
    Execution halted
Flavor: r-patched-solaris-x86

Version: 0.1.0
Check: whether package can be installed
Result: WARN
    Found the following significant warnings:
     Warning: 'rgl_init' failed, running with rgl.useNULL = TRUE
Flavors: r-release-osx-x86_64, r-oldrel-osx-x86_64

Version: 0.1.0
Check: re-building of vignette outputs
Result: WARN
    Error(s) in re-building vignettes:
     ...
    --- re-building ‘PPQplan-vignette.Rmd’ using rmarkdown
    Warning in engine$weave(file, quiet = quiet, encoding = enc) :
     Pandoc (>= 1.12.3) and/or pandoc-citeproc not available. Falling back to R Markdown v1.
    Warning in normalizePath(f2) :
     path[1]="webshote9d23d876121.png": No such file or directory
    Warning in file(con, "rb") :
     cannot open file 'webshote9d23d876121.png': No such file or directory
    Quitting from lines 125-126 (PPQplan-vignette.Rmd)
    Error: processing vignette 'PPQplan-vignette.Rmd' failed with diagnostics:
    cannot open the connection
    --- failed re-building ‘PPQplan-vignette.Rmd’
    
    SUMMARY: processing the following file failed:
     ‘PPQplan-vignette.Rmd’
    
    Error: Vignette re-building failed.
    Execution halted
Flavor: r-release-osx-x86_64

Version: 0.1.0
Check: re-building of vignette outputs
Result: WARN
    Error in re-building vignettes:
     ...
    Warning in engine$weave(file, quiet = quiet, encoding = enc) :
     Pandoc (>= 1.12.3) and/or pandoc-citeproc not available. Falling back to R Markdown v1.
    Warning: Ignoring unknown aesthetics: z
    Warning: Ignoring unknown aesthetics: z
    Warning in normalizePath(f2) :
     path[1]="./webshot1635920dad531.png": No such file or directory
    Warning in file(con, "rb") :
     cannot open file './webshot1635920dad531.png': No such file or directory
    Quitting from lines 125-126 (PPQplan-vignette.Rmd)
    Error: processing vignette 'PPQplan-vignette.Rmd' failed with diagnostics:
    cannot open the connection
    Execution halted
Flavor: r-oldrel-osx-x86_64