CRAN Package Check Results for Package PKNCA

Last updated on 2019-07-19 01:47:22 CEST.

Flavor Version Tinstall Tcheck Ttotal Status Flags
r-devel-linux-x86_64-debian-clang 0.8.5 11.54 126.78 138.32 WARN
r-devel-linux-x86_64-debian-gcc 0.8.5 9.66 96.80 106.46 WARN
r-devel-linux-x86_64-fedora-clang 0.8.5 163.21 WARN
r-devel-linux-x86_64-fedora-gcc 0.8.5 165.73 WARN
r-devel-windows-ix86+x86_64 0.8.5 28.00 187.00 215.00 WARN
r-patched-linux-x86_64 0.8.5 11.04 125.10 136.14 WARN
r-patched-solaris-x86 0.8.5 195.60 WARN
r-release-linux-x86_64 0.8.5 10.31 126.11 136.42 WARN
r-release-windows-ix86+x86_64 0.8.5 16.00 134.00 150.00 WARN
r-release-osx-x86_64 0.8.5 OK
r-oldrel-windows-ix86+x86_64 0.8.5 14.00 107.00 121.00 WARN
r-oldrel-osx-x86_64 0.8.5 OK

Additional issues

OpenBLAS

Check Details

Version: 0.8.5
Check: re-building of vignette outputs
Result: WARN
    Error(s) in re-building vignettes:
     ...
    --- re-building 'AUC-Calculation-with-PKNCA.Rmd' using rmarkdown
    Quitting from lines 22-43 (AUC-Calculation-with-PKNCA.Rmd)
    Error: processing vignette 'AUC-Calculation-with-PKNCA.Rmd' failed with diagnostics:
    could not find function "ggplot"
    --- failed re-building 'AUC-Calculation-with-PKNCA.Rmd'
    
    --- re-building 'Data-Cleaning-in-PKNCA.Rmd' using rmarkdown
    --- finished re-building 'Data-Cleaning-in-PKNCA.Rmd'
    
    --- re-building 'Introduction-and-Usage.Rmd' using rmarkdown
    --- finished re-building 'Introduction-and-Usage.Rmd'
    
    --- re-building 'Methods-for-Dose-Aware-Interpolation-and-Extrapolation.Rmd' using rmarkdown
    --- finished re-building 'Methods-for-Dose-Aware-Interpolation-and-Extrapolation.Rmd'
    
    --- re-building 'Options-for-Controlling-PKNCA.Rmd' using rmarkdown
    --- finished re-building 'Options-for-Controlling-PKNCA.Rmd'
    
    --- re-building 'PKNCA-validation.Rmd' using rmarkdown
    --- finished re-building 'PKNCA-validation.Rmd'
    
    --- re-building 'Selection-of-Calculation-Intervals.Rmd' using rmarkdown
    Quitting from lines 28-55 (Selection-of-Calculation-Intervals.Rmd)
    Error: processing vignette 'Selection-of-Calculation-Intervals.Rmd' failed with diagnostics:
    could not find function "ggplot"
    --- failed re-building 'Selection-of-Calculation-Intervals.Rmd'
    
    --- re-building 'Superposition.Rmd' using rmarkdown
    --- finished re-building 'Superposition.Rmd'
    
    --- re-building 'Writing-Parameter-Functions.Rmd' using rmarkdown
    --- finished re-building 'Writing-Parameter-Functions.Rmd'
    
    SUMMARY: processing the following files failed:
     'AUC-Calculation-with-PKNCA.Rmd'
     'Selection-of-Calculation-Intervals.Rmd'
    
    Error: Vignette re-building failed.
    Execution halted
Flavors: r-devel-linux-x86_64-debian-clang, r-devel-linux-x86_64-debian-gcc, r-patched-linux-x86_64, r-release-linux-x86_64

Version: 0.8.5
Check: re-building of vignette outputs
Result: WARN
    Error(s) in re-building vignettes:
    --- re-building ‘AUC-Calculation-with-PKNCA.Rmd’ using rmarkdown
    Quitting from lines 22-43 (AUC-Calculation-with-PKNCA.Rmd)
    Error: processing vignette 'AUC-Calculation-with-PKNCA.Rmd' failed with diagnostics:
    could not find function "ggplot"
    --- failed re-building ‘AUC-Calculation-with-PKNCA.Rmd’
    
    --- re-building ‘Data-Cleaning-in-PKNCA.Rmd’ using rmarkdown
    --- finished re-building ‘Data-Cleaning-in-PKNCA.Rmd’
    
    --- re-building ‘Introduction-and-Usage.Rmd’ using rmarkdown
    --- finished re-building ‘Introduction-and-Usage.Rmd’
    
    --- re-building ‘Methods-for-Dose-Aware-Interpolation-and-Extrapolation.Rmd’ using rmarkdown
    --- finished re-building ‘Methods-for-Dose-Aware-Interpolation-and-Extrapolation.Rmd’
    
    --- re-building ‘Options-for-Controlling-PKNCA.Rmd’ using rmarkdown
    --- finished re-building ‘Options-for-Controlling-PKNCA.Rmd’
    
    --- re-building ‘PKNCA-validation.Rmd’ using rmarkdown
    --- finished re-building ‘PKNCA-validation.Rmd’
    
    --- re-building ‘Selection-of-Calculation-Intervals.Rmd’ using rmarkdown
    Quitting from lines 28-55 (Selection-of-Calculation-Intervals.Rmd)
    Error: processing vignette 'Selection-of-Calculation-Intervals.Rmd' failed with diagnostics:
    could not find function "ggplot"
    --- failed re-building ‘Selection-of-Calculation-Intervals.Rmd’
    
    --- re-building ‘Superposition.Rmd’ using rmarkdown
    --- finished re-building ‘Superposition.Rmd’
    
    --- re-building ‘Writing-Parameter-Functions.Rmd’ using rmarkdown
    --- finished re-building ‘Writing-Parameter-Functions.Rmd’
    
    SUMMARY: processing the following files failed:
     ‘AUC-Calculation-with-PKNCA.Rmd’
     ‘Selection-of-Calculation-Intervals.Rmd’
    
    Error: Vignette re-building failed.
    Execution halted
Flavors: r-devel-linux-x86_64-fedora-clang, r-devel-linux-x86_64-fedora-gcc, r-devel-windows-ix86+x86_64, r-release-windows-ix86+x86_64

Version: 0.8.5
Check: re-building of vignette outputs
Result: WARN
    Error(s) in re-building vignettes:
     ...
    --- re-building ‘AUC-Calculation-with-PKNCA.Rmd’ using rmarkdown
    Warning in engine$weave(file, quiet = quiet, encoding = enc) :
     Pandoc (>= 1.12.3) and/or pandoc-citeproc not available. Falling back to R Markdown v1.
    Quitting from lines 22-43 (AUC-Calculation-with-PKNCA.Rmd)
    Error: processing vignette 'AUC-Calculation-with-PKNCA.Rmd' failed with diagnostics:
    could not find function "ggplot"
    --- failed re-building ‘AUC-Calculation-with-PKNCA.Rmd’
    
    --- re-building ‘Data-Cleaning-in-PKNCA.Rmd’ using rmarkdown
    Warning in engine$weave(file, quiet = quiet, encoding = enc) :
     Pandoc (>= 1.12.3) and/or pandoc-citeproc not available. Falling back to R Markdown v1.
    --- finished re-building ‘Data-Cleaning-in-PKNCA.Rmd’
    
    --- re-building ‘Introduction-and-Usage.Rmd’ using rmarkdown
    Warning in engine$weave(file, quiet = quiet, encoding = enc) :
     Pandoc (>= 1.12.3) and/or pandoc-citeproc not available. Falling back to R Markdown v1.
    --- finished re-building ‘Introduction-and-Usage.Rmd’
    
    --- re-building ‘Methods-for-Dose-Aware-Interpolation-and-Extrapolation.Rmd’ using rmarkdown
    Warning in engine$weave(file, quiet = quiet, encoding = enc) :
     Pandoc (>= 1.12.3) and/or pandoc-citeproc not available. Falling back to R Markdown v1.
    --- finished re-building ‘Methods-for-Dose-Aware-Interpolation-and-Extrapolation.Rmd’
    
    --- re-building ‘Options-for-Controlling-PKNCA.Rmd’ using rmarkdown
    Warning in engine$weave(file, quiet = quiet, encoding = enc) :
     Pandoc (>= 1.12.3) and/or pandoc-citeproc not available. Falling back to R Markdown v1.
    --- finished re-building ‘Options-for-Controlling-PKNCA.Rmd’
    
    --- re-building ‘PKNCA-validation.Rmd’ using rmarkdown
    Warning in engine$weave(file, quiet = quiet, encoding = enc) :
     Pandoc (>= 1.12.3) and/or pandoc-citeproc not available. Falling back to R Markdown v1.
    --- finished re-building ‘PKNCA-validation.Rmd’
    
    --- re-building ‘Selection-of-Calculation-Intervals.Rmd’ using rmarkdown
    Warning in engine$weave(file, quiet = quiet, encoding = enc) :
     Pandoc (>= 1.12.3) and/or pandoc-citeproc not available. Falling back to R Markdown v1.
    Quitting from lines 28-55 (Selection-of-Calculation-Intervals.Rmd)
    Error: processing vignette 'Selection-of-Calculation-Intervals.Rmd' failed with diagnostics:
    could not find function "ggplot"
    --- failed re-building ‘Selection-of-Calculation-Intervals.Rmd’
    
    --- re-building ‘Superposition.Rmd’ using rmarkdown
    Warning in engine$weave(file, quiet = quiet, encoding = enc) :
     Pandoc (>= 1.12.3) and/or pandoc-citeproc not available. Falling back to R Markdown v1.
    --- finished re-building ‘Superposition.Rmd’
    
    --- re-building ‘Writing-Parameter-Functions.Rmd’ using rmarkdown
    Warning in engine$weave(file, quiet = quiet, encoding = enc) :
     Pandoc (>= 1.12.3) and/or pandoc-citeproc not available. Falling back to R Markdown v1.
    --- finished re-building ‘Writing-Parameter-Functions.Rmd’
    
    SUMMARY: processing the following files failed:
     ‘AUC-Calculation-with-PKNCA.Rmd’
     ‘Selection-of-Calculation-Intervals.Rmd’
    
    Error: Vignette re-building failed.
    Execution halted
Flavor: r-patched-solaris-x86

Version: 0.8.5
Check: re-building of vignette outputs
Result: WARN
    Error in re-building vignettes:
     ...
    Quitting from lines 22-43 (AUC-Calculation-with-PKNCA.Rmd)
    Error: processing vignette 'AUC-Calculation-with-PKNCA.Rmd' failed with diagnostics:
    could not find function "ggplot"
    Execution halted
Flavor: r-oldrel-windows-ix86+x86_64