CRAN Package Check Results for Package OSTSC

Last updated on 2019-05-27 01:47:49 CEST.

Flavor Version Tinstall Tcheck Ttotal Status Flags
r-devel-linux-x86_64-debian-clang 0.0.1 5.35 70.30 75.65 OK
r-devel-linux-x86_64-debian-gcc 0.0.1 4.76 46.34 51.10 WARN
r-devel-linux-x86_64-fedora-clang 0.0.1 90.69 OK
r-devel-linux-x86_64-fedora-gcc 0.0.1 88.60 OK
r-devel-windows-ix86+x86_64 0.0.1 12.00 85.00 97.00 OK
r-patched-linux-x86_64 0.0.1 OK
r-patched-solaris-x86 0.0.1 104.20 OK
r-release-linux-x86_64 0.0.1 5.31 69.12 74.43 OK
r-release-windows-ix86+x86_64 0.0.1 15.00 120.00 135.00 OK
r-release-osx-x86_64 0.0.1 OK
r-oldrel-windows-ix86+x86_64 0.0.1 10.00 98.00 108.00 OK
r-oldrel-osx-x86_64 0.0.1 OK

Check Details

Version: 0.0.1
Check: re-building of vignette outputs
Result: WARN
    Error(s) in re-building vignettes:
     ...
    --- re-building ‘Over_Sampling_for_Time_Series_Classification.Rmd’ using rmarkdown
    Loading required package: knitcitations
    Loading required package: OSTSC
    Loading required package: keras
    Loading required package: dummies
    dummies-1.5.6 provided by Decision Patterns
    
    Loading required package: pROC
    Type 'citation("pROC")' for a citation.
    
    Attaching package: 'pROC'
    
    The following objects are masked from 'package:stats':
    
     cov, smooth, var
    
    Warning in roc.default(x, predictor, plot = TRUE, ...) :
     'response' has more than two levels. Consider setting 'levels' explicitly or using 'multiclass.roc' instead
    Warning in roc.default(x, predictor, plot = TRUE, ...) :
     'response' has more than two levels. Consider setting 'levels' explicitly or using 'multiclass.roc' instead
    Quitting from lines 811-819 (Over_Sampling_for_Time_Series_Classification.Rmd)
    Error: processing vignette 'Over_Sampling_for_Time_Series_Classification.Rmd' failed with diagnostics:
    cannot open the connection to 'https://github.com/lweicdsor/GSoC2017/raw/master/MHEALTH/Dataset_MHEALTH.rdata'
    --- failed re-building ‘Over_Sampling_for_Time_Series_Classification.Rmd’
    
    SUMMARY: processing the following file failed:
     ‘Over_Sampling_for_Time_Series_Classification.Rmd’
    
    Error: Vignette re-building failed.
    Execution halted
Flavor: r-devel-linux-x86_64-debian-gcc