CRAN Package Check Results for Package NetLogoR

Last updated on 2019-08-22 01:49:53 CEST.

Flavor Version Tinstall Tcheck Ttotal Status Flags
r-devel-linux-x86_64-debian-clang 0.3.5 32.95 260.91 293.86 NOTE
r-devel-linux-x86_64-debian-gcc 0.3.5 32.50 205.68 238.18 NOTE
r-devel-linux-x86_64-fedora-clang 0.3.5 375.24 NOTE
r-devel-linux-x86_64-fedora-gcc 0.3.5 374.30 NOTE
r-devel-windows-ix86+x86_64 0.3.5 105.00 405.00 510.00 NOTE
r-patched-linux-x86_64 0.3.5 29.87 251.60 281.47 NOTE
r-patched-solaris-x86 0.3.5 535.40 NOTE
r-release-linux-x86_64 0.3.5 32.37 254.22 286.59 NOTE
r-release-windows-ix86+x86_64 0.3.5 126.00 398.00 524.00 NOTE
r-release-osx-x86_64 0.3.5 NOTE
r-oldrel-windows-ix86+x86_64 0.3.5 66.00 366.00 432.00 NOTE
r-oldrel-osx-x86_64 0.3.5 NOTE

Check Details

Version: 0.3.5
Check: package dependencies
Result: NOTE
    Package suggested but not available for checking: 'fastshp'
Flavors: r-devel-linux-x86_64-debian-clang, r-devel-linux-x86_64-debian-gcc, r-devel-linux-x86_64-fedora-clang, r-devel-linux-x86_64-fedora-gcc, r-devel-windows-ix86+x86_64, r-patched-linux-x86_64, r-patched-solaris-x86, r-release-linux-x86_64, r-release-windows-ix86+x86_64, r-release-osx-x86_64, r-oldrel-windows-ix86+x86_64, r-oldrel-osx-x86_64