CRAN Package Check Results for Package NSO1212

Last updated on 2019-05-22 01:46:39 CEST.

Flavor Version Tinstall Tcheck Ttotal Status Flags
r-devel-linux-x86_64-debian-clang 1.0.0 1.78 19.86 21.64 OK
r-devel-linux-x86_64-debian-gcc 1.0.0 1.40 16.31 17.71 OK
r-devel-linux-x86_64-fedora-clang 1.0.0 25.95 OK
r-devel-linux-x86_64-fedora-gcc 1.0.0 24.94 OK
r-devel-windows-ix86+x86_64 1.0.0 4.00 63.00 67.00 OK
r-patched-linux-x86_64 1.0.0 1.71 19.79 21.50 OK
r-patched-solaris-x86 1.0.0 42.20 OK
r-release-linux-x86_64 1.0.0 1.57 19.72 21.29 ERROR
r-release-windows-ix86+x86_64 1.0.0 5.00 38.00 43.00 OK
r-release-osx-x86_64 1.0.0 OK
r-oldrel-windows-ix86+x86_64 1.0.0 2.00 38.00 40.00 OK
r-oldrel-osx-x86_64 1.0.0 OK

Check Details

Version: 1.0.0
Check: examples
Result: ERROR
    Running examples in ‘NSO1212-Ex.R’ failed
    The error most likely occurred in:
    
    > base::assign(".ptime", proc.time(), pos = "CheckExEnv")
    > ### Name: all_tables
    > ### Title: Brief Information about All Tables on the API opendata.1212.mn
    > ### Aliases: all_tables
    >
    > ### ** Examples
    >
    > all.tables <- all_tables()
    Error in open.connection(con, "rb") : HTTP error 500.
    Calls: all_tables ... parse_and_simplify -> parseJSON -> parse_con -> open -> open.connection
    Execution halted
Flavor: r-release-linux-x86_64