CRAN Package Check Results for Package MortalityLaws

Last updated on 2019-09-20 01:47:49 CEST.

Flavor Version Tinstall Tcheck Ttotal Status Flags
r-devel-linux-x86_64-debian-clang 1.8.0 6.79 116.69 123.48 OK
r-devel-linux-x86_64-debian-gcc 1.8.0 5.87 64.17 70.04 OK
r-devel-linux-x86_64-fedora-clang 1.8.0 144.30 OK
r-devel-linux-x86_64-fedora-gcc 1.8.0 141.35 OK
r-devel-windows-ix86+x86_64 1.8.0 18.00 195.00 213.00 ERROR
r-patched-linux-x86_64 1.8.0 7.86 112.35 120.21 OK
r-patched-solaris-x86 1.8.0 169.10 OK
r-release-linux-x86_64 1.8.0 6.75 111.77 118.52 OK
r-release-windows-ix86+x86_64 1.8.0 13.00 155.00 168.00 OK
r-release-osx-x86_64 1.8.0 OK
r-oldrel-windows-ix86+x86_64 1.8.0 9.00 159.00 168.00 OK
r-oldrel-osx-x86_64 1.8.0 OK

Check Details

Version: 1.8.0
Check: tests
Result: ERROR
     Running 'testthat.R' [70s]
    Running the tests in 'tests/testthat.R' failed.
    Complete output:
     > # --------------------------------------------------- #
     > # Author: Marius D. Pascariu
     > # License: MIT
     > # Last update: Wed Jun 05 14:41:16 2019
     > # --------------------------------------------------- #
     >
     > library(testthat)
     > # expect_message(library(MortalityLaws))
     >
     > test_check("MortalityLaws")
     Loading required package: MortalityLaws
     [1] 1
     [1] 2
     [1] 3
     [1] 4
     [1] 5
     [1] 6
     [1] 7
     [1] 8
     [1] 9
     [1] 10
     [1] 11
     [1] 12
     [1] 13
     [1] 14
     [1] 15
     [1] 16
     M1: gompertz
     M2: gompertz0
     M3: invgompertz
     M4: makeham
     M5: makeham0
     M6: opperman
     M7: thiele
     M8: wittstein
     M9: perks
     M10: weibull
     M11: invweibull
     M12: vandermaen
     M13: vandermaen2
     M14: strehler_mildvan
     M15: quadratic
     M16: beard
     M17: beard_makeham
     M18: ggompertz
     M19: siler
     M20: HP
     M21: HP2
     M22: HP3
     M23: HP4
     M24: rogersplanck
     M25: martinelle
     M26: carriere1
     M27: carriere2
     M28: kostaki
     M29: kannisto
     M30: kannisto_makeham
     :Downloading AUS :Downloading Japan :Downloading Japan :Downloading Kyoto -- 1. Error: (unknown) (@test_availableX.R#33) --------------------------------
     Failed to connect to www.mortality.org port 443: Connection refused
     1: availableHMD() at testthat/test_availableX.R:33
     2: RCurl::getURL(link)
     3: curlPerform(curl = curl, .opts = opts, .encoding = .encoding)
     4: function (type, msg, asError = TRUE)
     {
     if (!is.character(type)) {
     i = match(type, CURLcodeValues)
     typeName = if (is.na(i))
     character()
     else names(CURLcodeValues)[i]
     }
     typeName = gsub("^CURLE_", "", typeName)
     fun = (if (asError)
     stop
     else warning)
     fun(structure(list(message = msg, call = sys.call()), class = c(typeName, "GenericCurlError",
     "error", "condition")))
     }(7L, "Failed to connect to www.mortality.org port 443: Connection refused", TRUE)
    
     1 Create mx_from_mx
     2 Create mx_from_qx
     3 Create mx_from_dx
     4 Create mx_from_lx
     5 Create qx_from_mx
     6 Create qx_from_qx
     7 Create qx_from_dx
     8 Create qx_from_lx
     9 Create dx_from_mx
     10 Create dx_from_qx
     11 Create dx_from_dx
     12 Create dx_from_lx
     13 Create lx_from_mx
     14 Create lx_from_qx
     15 Create lx_from_dx
     16 Create lx_from_lx
     17 Create Lx_from_mx
     18 Create Lx_from_qx
     19 Create Lx_from_dx
     20 Create Lx_from_lx
     21 Create Tx_from_mx
     22 Create Tx_from_qx
     23 Create Tx_from_dx
     24 Create Tx_from_lx
     25 Create ex_from_mx
     26 Create ex_from_qx
     27 Create ex_from_dx
     28 Create ex_from_lx
     == testthat results ===========================================================
     [ OK: 941 | SKIPPED: 0 | WARNINGS: 1 | FAILED: 1 ]
     1. Error: (unknown) (@test_availableX.R#33)
    
     Error: testthat unit tests failed
     Execution halted
Flavor: r-devel-windows-ix86+x86_64