CRAN Package Check Results for Package MlBayesOpt

Last updated on 2019-07-15 01:46:47 CEST.

Flavor Version Tinstall Tcheck Ttotal Status Flags
r-devel-linux-x86_64-debian-clang 0.3.4 10.66 222.17 232.83 OK
r-devel-linux-x86_64-debian-gcc 0.3.4 9.50 150.73 160.23 OK
r-devel-linux-x86_64-fedora-clang 0.3.4 233.40 NOTE
r-devel-linux-x86_64-fedora-gcc 0.3.4 217.58 NOTE
r-devel-windows-ix86+x86_64 0.3.4 19.00 193.00 212.00 OK
r-patched-linux-x86_64 0.3.4 11.59 186.94 198.53 OK
r-patched-solaris-x86 0.3.4 4.40 ERROR
r-release-linux-x86_64 0.3.4 10.99 185.80 196.79 OK
r-release-windows-ix86+x86_64 0.3.4 19.00 193.00 212.00 OK
r-release-osx-x86_64 0.3.4 NOTE
r-oldrel-windows-ix86+x86_64 0.3.4 19.00 251.00 270.00 OK
r-oldrel-osx-x86_64 0.3.4 NOTE

Check Details

Version: 0.3.4
Check: dependencies in R code
Result: NOTE
    Namespaces in Imports field not imported from:
     ‘data.table’ ‘foreach’
     All declared Imports should be used.
Flavors: r-devel-linux-x86_64-fedora-clang, r-devel-linux-x86_64-fedora-gcc, r-release-osx-x86_64, r-oldrel-osx-x86_64

Version: 0.3.4
Check: package dependencies
Result: ERROR
    Package required but not available: ‘xgboost’
    
    See section ‘The DESCRIPTION file’ in the ‘Writing R Extensions’
    manual.
Flavor: r-patched-solaris-x86