CRAN Package Check Results for Package MetProc

Last updated on 2019-09-20 01:47:48 CEST.

Flavor Version Tinstall Tcheck Ttotal Status Flags
r-devel-linux-x86_64-debian-clang 1.0.1 2.26 39.00 41.26 NOTE
r-devel-linux-x86_64-debian-gcc 1.0.1 2.14 24.75 26.89 NOTE
r-devel-linux-x86_64-fedora-clang 1.0.1 51.47 NOTE
r-devel-linux-x86_64-fedora-gcc 1.0.1 43.30 NOTE
r-devel-windows-ix86+x86_64 1.0.1 11.00 48.00 59.00 OK
r-patched-linux-x86_64 1.0.1 1.90 34.83 36.73 OK
r-patched-solaris-x86 1.0.1 80.00 OK
r-release-linux-x86_64 1.0.1 2.27 32.68 34.95 OK
r-release-windows-ix86+x86_64 1.0.1 6.00 46.00 52.00 OK
r-release-osx-x86_64 1.0.1 OK
r-oldrel-windows-ix86+x86_64 1.0.1 4.00 49.00 53.00 OK
r-oldrel-osx-x86_64 1.0.1 OK

Check Details

Version: 1.0.1
Check: for non-standard things in the check directory
Result: NOTE
    Found the following files/directories:
     'MetProc_output.pdf' 'sample_removed.csv' 'sample_retained.csv'
Flavors: r-devel-linux-x86_64-debian-clang, r-devel-linux-x86_64-debian-gcc, r-devel-linux-x86_64-fedora-clang, r-devel-linux-x86_64-fedora-gcc