CRAN Package Check Results for Package Matrix

Last updated on 2019-10-17 01:49:06 CEST.

Flavor Version Tinstall Tcheck Ttotal Status Flags
r-devel-linux-x86_64-debian-clang 1.2-17 185.18 311.51 496.69 OK
r-devel-linux-x86_64-debian-gcc 1.2-17 126.97 244.31 371.28 OK
r-devel-linux-x86_64-fedora-clang 1.2-17 657.59 OK
r-devel-linux-x86_64-fedora-gcc 1.2-17 595.33 OK
r-devel-windows-ix86+x86_64 1.2-17 414.00 451.00 865.00 OK
r-patched-linux-x86_64 1.2-17 140.64 309.05 449.69 OK
r-patched-solaris-x86 1.2-17 OK
r-release-linux-x86_64 1.2-17 137.44 307.50 444.94 OK
r-release-windows-ix86+x86_64 1.2-17 293.00 633.00 926.00 OK
r-release-osx-x86_64 1.2-17 NOTE
r-oldrel-windows-ix86+x86_64 1.2-17 276.00 429.00 705.00 OK
r-oldrel-osx-x86_64 1.2-17 OK

Additional issues

rchk

Check Details

Version: 1.2-17
Check: package dependencies
Result: NOTE
    Package which this enhances but not available for checking: ‘graph’
Flavor: r-release-osx-x86_64

Version: 1.2-17
Check: Rd cross-references
Result: NOTE
    Package unavailable to check Rd xrefs: ‘graph’
Flavor: r-release-osx-x86_64