CRAN Package Check Results for Package MSGARCH

Last updated on 2019-05-23 01:48:45 CEST.

Flavor Version Tinstall Tcheck Ttotal Status Flags
r-devel-linux-x86_64-debian-clang 2.3 309.04 329.80 638.84 NOTE
r-devel-linux-x86_64-debian-gcc 2.3 278.15 251.89 530.04 NOTE
r-devel-linux-x86_64-fedora-clang 2.3 897.63 NOTE
r-devel-linux-x86_64-fedora-gcc 2.3 838.34 NOTE
r-devel-windows-ix86+x86_64 2.3 586.00 652.00 1238.00 NOTE
r-patched-linux-x86_64 2.3 328.44 323.30 651.74 NOTE
r-patched-solaris-x86 2.3 894.50 NOTE
r-release-linux-x86_64 2.3 324.12 325.50 649.62 NOTE
r-release-windows-ix86+x86_64 2.3 815.00 510.00 1325.00 NOTE
r-release-osx-x86_64 2.3 NOTE
r-oldrel-windows-ix86+x86_64 2.3 590.00 489.00 1079.00 NOTE
r-oldrel-osx-x86_64 2.3 NOTE

Check Details

Version: 2.3
Check: use of SHLIB_OPENMP_*FLAGS in Makefiles
Result: NOTE
     src/Makevars.win: SHLIB_OPENMP_CXXFLAGS is included in PKG_LIBS but not in PKG_CXXFLAGS
    Use of these macros is discussed in sect 1.2.1.1 of 'Writing R
    Extensions'. The macros for different languages may differ so the
    matching macro must be used in PKG_CXXFLAGS (etc) and match that used
    in PKG_LIBS (except for Fortran: see the manual).
Flavors: r-devel-linux-x86_64-debian-clang, r-devel-linux-x86_64-debian-gcc, r-devel-linux-x86_64-fedora-clang, r-devel-linux-x86_64-fedora-gcc, r-patched-linux-x86_64, r-release-linux-x86_64

Version: 2.3
Check: installed package size
Result: NOTE
     installed size is 43.5Mb
     sub-directories of 1Mb or more:
     libs 43.1Mb
Flavors: r-devel-linux-x86_64-fedora-clang, r-devel-windows-ix86+x86_64, r-patched-solaris-x86, r-release-windows-ix86+x86_64, r-release-osx-x86_64, r-oldrel-windows-ix86+x86_64, r-oldrel-osx-x86_64