CRAN Package Check Results for Package MSGARCH

Last updated on 2019-08-17 02:47:41 CEST.

Flavor Version Tinstall Tcheck Ttotal Status Flags
r-devel-linux-x86_64-debian-clang 2.3 300.97 329.36 630.33 NOTE
r-devel-linux-x86_64-debian-gcc 2.3 301.47 248.20 549.67 NOTE
r-devel-linux-x86_64-fedora-clang 2.3 859.39 NOTE
r-devel-linux-x86_64-fedora-gcc 2.3 939.07 NOTE
r-devel-windows-ix86+x86_64 2.3 831.00 635.00 1466.00 NOTE
r-patched-linux-x86_64 2.3 315.17 321.62 636.79 NOTE
r-patched-solaris-x86 2.3 886.70 NOTE
r-release-linux-x86_64 2.3 314.65 318.99 633.64 NOTE
r-release-windows-ix86+x86_64 2.3 792.00 657.00 1449.00 NOTE
r-release-osx-x86_64 2.3 NOTE
r-oldrel-windows-ix86+x86_64 2.3 774.00 634.00 1408.00 NOTE
r-oldrel-osx-x86_64 2.3 NOTE

Check Details

Version: 2.3
Check: use of SHLIB_OPENMP_*FLAGS in Makefiles
Result: NOTE
     src/Makevars.win: SHLIB_OPENMP_CXXFLAGS is included in PKG_LIBS but not in PKG_CXXFLAGS
    Use of these macros is discussed in sect 1.2.1.1 of 'Writing R
    Extensions'. The macros for different languages may differ so the
    matching macro must be used in PKG_CXXFLAGS (etc) and match that used
    in PKG_LIBS (except for Fortran: see the manual).
Flavors: r-devel-linux-x86_64-debian-clang, r-devel-linux-x86_64-debian-gcc, r-devel-linux-x86_64-fedora-clang, r-devel-linux-x86_64-fedora-gcc, r-patched-linux-x86_64, r-release-linux-x86_64

Version: 2.3
Check: installed package size
Result: NOTE
     installed size is 43.5Mb
     sub-directories of 1Mb or more:
     libs 43.1Mb
Flavors: r-devel-linux-x86_64-fedora-clang, r-devel-windows-ix86+x86_64, r-patched-solaris-x86, r-release-windows-ix86+x86_64, r-release-osx-x86_64, r-oldrel-windows-ix86+x86_64, r-oldrel-osx-x86_64