CRAN Package Check Results for Package MLML2R

Last updated on 2019-11-12 00:52:48 CET.

Flavor Version Tinstall Tcheck Ttotal Status Flags
r-devel-linux-x86_64-debian-clang 0.3.3 1.90 26.54 28.44 OK
r-devel-linux-x86_64-debian-gcc 0.3.3 1.84 21.18 23.02 OK
r-devel-linux-x86_64-fedora-clang 0.3.3 37.01 OK
r-devel-linux-x86_64-fedora-gcc 0.3.3 34.34 OK
r-devel-windows-ix86+x86_64 0.3.3 7.00 43.00 50.00 OK
r-patched-linux-x86_64 0.3.3 1.84 25.65 27.49 OK
r-patched-solaris-x86 0.3.3 50.00 NOTE
r-release-linux-x86_64 0.3.3 1.72 25.64 27.36 OK
r-release-windows-ix86+x86_64 0.3.3 7.00 59.00 66.00 OK
r-release-osx-x86_64 0.3.3 NOTE
r-oldrel-windows-ix86+x86_64 0.3.3 4.00 54.00 58.00 OK
r-oldrel-osx-x86_64 0.3.3 NOTE

Check Details

Version: 0.3.3
Check: package dependencies
Result: NOTE
    Packages suggested but not available for checking:
     'minfi', 'IlluminaHumanMethylation450kmanifest'
Flavor: r-patched-solaris-x86

Version: 0.3.3
Check: package dependencies
Result: NOTE
    Package suggested but not available for checking: ‘IlluminaHumanMethylation450kmanifest’
Flavor: r-release-osx-x86_64

Version: 0.3.3
Check: package dependencies
Result: NOTE
    Packages suggested but not available for checking:
     ‘minfi’ ‘IlluminaHumanMethylation450kmanifest’
Flavor: r-oldrel-osx-x86_64