CRAN Package Check Results for Package MLID

Last updated on 2019-10-21 02:46:35 CEST.

Flavor Version Tinstall Tcheck Ttotal Status Flags
r-devel-linux-x86_64-debian-clang 1.0.1 6.65 84.51 91.16 OK
r-devel-linux-x86_64-debian-gcc 1.0.1 6.34 66.54 72.88 OK
r-devel-linux-x86_64-fedora-clang 1.0.1 113.30 NOTE
r-devel-linux-x86_64-fedora-gcc 1.0.1 110.81 NOTE
r-devel-windows-ix86+x86_64 1.0.1 11.00 92.00 103.00 OK
r-patched-linux-x86_64 1.0.1 6.37 83.07 89.44 OK
r-patched-solaris-x86 1.0.1 185.90 NOTE
r-release-linux-x86_64 1.0.1 6.75 83.46 90.21 OK
r-release-windows-ix86+x86_64 1.0.1 15.00 89.00 104.00 OK
r-release-osx-x86_64 1.0.1 NOTE
r-oldrel-windows-ix86+x86_64 1.0.1 9.00 88.00 97.00 OK
r-oldrel-osx-x86_64 1.0.1 NOTE

Check Details

Version: 1.0.1
Check: dependencies in R code
Result: NOTE
    Namespace in Imports field not imported from: ‘nlme’
     All declared Imports should be used.
Flavors: r-devel-linux-x86_64-fedora-clang, r-devel-linux-x86_64-fedora-gcc, r-patched-solaris-x86, r-release-osx-x86_64, r-oldrel-osx-x86_64