CRAN Package Check Results for Package MLID

Last updated on 2019-07-16 01:50:28 CEST.

Flavor Version Tinstall Tcheck Ttotal Status Flags
r-devel-linux-x86_64-debian-clang 1.0.1 6.92 86.54 93.46 OK
r-devel-linux-x86_64-debian-gcc 1.0.1 6.32 66.70 73.02 OK
r-devel-linux-x86_64-fedora-clang 1.0.1 115.74 NOTE
r-devel-linux-x86_64-fedora-gcc 1.0.1 109.57 NOTE
r-devel-windows-ix86+x86_64 1.0.1 17.00 126.00 143.00 OK
r-patched-linux-x86_64 1.0.1 6.76 84.96 91.72 OK
r-patched-solaris-x86 1.0.1 182.60 NOTE
r-release-linux-x86_64 1.0.1 6.83 84.83 91.66 OK
r-release-windows-ix86+x86_64 1.0.1 13.00 99.00 112.00 OK
r-release-osx-x86_64 1.0.1 NOTE
r-oldrel-windows-ix86+x86_64 1.0.1 14.00 127.00 141.00 OK
r-oldrel-osx-x86_64 1.0.1 NOTE

Check Details

Version: 1.0.1
Check: dependencies in R code
Result: NOTE
    Namespace in Imports field not imported from: ‘nlme’
     All declared Imports should be used.
Flavors: r-devel-linux-x86_64-fedora-clang, r-devel-linux-x86_64-fedora-gcc, r-patched-solaris-x86, r-release-osx-x86_64, r-oldrel-osx-x86_64