CRAN Package Check Results for Package MCMCtreeR

Last updated on 2019-12-05 00:51:59 CET.

Flavor Version Tinstall Tcheck Ttotal Status Flags
r-devel-linux-x86_64-debian-clang 1.1 6.66 89.80 96.46 OK
r-devel-linux-x86_64-debian-gcc 1.1 6.71 69.69 76.40 OK
r-devel-linux-x86_64-fedora-clang 1.1 109.97 NOTE
r-devel-linux-x86_64-fedora-gcc 1.1 108.27 OK
r-devel-windows-ix86+x86_64 1.1 13.00 97.00 110.00 NOTE
r-devel-windows-ix86+x86_64-gcc8 1.1 17.00 95.00 112.00 NOTE
r-patched-linux-x86_64 1.1 6.59 83.17 89.76 OK
r-patched-solaris-x86 1.1 117.70 NOTE
r-release-linux-x86_64 1.1 6.24 87.55 93.79 OK
r-release-windows-ix86+x86_64 1.1 16.00 96.00 112.00 NOTE
r-release-osx-x86_64 1.1 NOTE
r-oldrel-windows-ix86+x86_64 1.1 9.00 102.00 111.00 NOTE
r-oldrel-osx-x86_64 1.1 NOTE

Check Details

Version: 1.1
Check: installed package size
Result: NOTE
     installed size is 7.4Mb
     sub-directories of 1Mb or more:
     doc 6.8Mb
Flavors: r-devel-linux-x86_64-fedora-clang, r-devel-windows-ix86+x86_64, r-devel-windows-ix86+x86_64-gcc8, r-patched-solaris-x86, r-release-windows-ix86+x86_64, r-release-osx-x86_64, r-oldrel-windows-ix86+x86_64, r-oldrel-osx-x86_64