CRAN Package Check Results for Package MANOVA.RM

Last updated on 2019-07-15 01:46:45 CEST.

Flavor Version Tinstall Tcheck Ttotal Status Flags
r-devel-linux-x86_64-debian-clang 0.3.2 7.44 81.23 88.67 OK
r-devel-linux-x86_64-debian-gcc 0.3.2 8.39 62.84 71.23 OK
r-devel-linux-x86_64-fedora-clang 0.3.2 108.44 OK
r-devel-linux-x86_64-fedora-gcc 0.3.2 109.93 OK
r-devel-windows-ix86+x86_64 0.3.2 18.00 284.00 302.00 OK
r-patched-linux-x86_64 0.3.2 9.84 77.88 87.72 OK
r-patched-solaris-x86 0.3.2 504.90 OK
r-release-linux-x86_64 0.3.2 9.22 78.12 87.34 OK
r-release-windows-ix86+x86_64 0.3.2 16.00 404.00 420.00 OK
r-release-osx-x86_64 0.3.2 NOTE
r-oldrel-windows-ix86+x86_64 0.3.2 16.00 383.00 399.00 OK
r-oldrel-osx-x86_64 0.3.2 NOTE

Check Details

Version: 0.3.2
Check: package dependencies
Result: NOTE
    Package suggested but not available for checking: ‘RGtk2’
Flavors: r-release-osx-x86_64, r-oldrel-osx-x86_64