CRAN Package Check Results for Package LinkageMapView

Last updated on 2020-01-27 00:48:07 CET.

Flavor Version Tinstall Tcheck Ttotal Status Flags
r-devel-linux-x86_64-debian-clang 2.1.2 4.40 76.80 81.20 OK
r-devel-linux-x86_64-debian-gcc 2.1.2 3.37 52.54 55.91 OK
r-devel-linux-x86_64-fedora-clang 2.1.2 98.52 NOTE
r-devel-linux-x86_64-fedora-gcc 2.1.2 93.06 NOTE
r-devel-windows-ix86+x86_64 2.1.2 13.00 128.00 141.00 OK
r-devel-windows-ix86+x86_64-gcc8 2.1.2 11.00 133.00 144.00 OK
r-patched-linux-x86_64 2.1.2 3.13 66.92 70.05 OK
r-patched-solaris-x86 2.1.2 140.80 NOTE
r-release-linux-x86_64 2.1.2 4.10 67.20 71.30 OK
r-release-windows-ix86+x86_64 2.1.2 7.00 78.00 85.00 OK
r-release-osx-x86_64 2.1.2 NOTE
r-oldrel-windows-ix86+x86_64 2.1.2 9.00 73.00 82.00 OK
r-oldrel-osx-x86_64 2.1.2 NOTE

Check Details

Version: 2.1.2
Check: dependencies in R code
Result: NOTE
    Namespace in Imports field not imported from: ‘RColorBrewer’
     All declared Imports should be used.
Flavors: r-devel-linux-x86_64-fedora-clang, r-devel-linux-x86_64-fedora-gcc, r-patched-solaris-x86, r-release-osx-x86_64, r-oldrel-osx-x86_64