CRAN Package Check Results for Package LinkageMapView

Last updated on 2019-08-25 01:47:18 CEST.

Flavor Version Tinstall Tcheck Ttotal Status Flags
r-devel-linux-x86_64-debian-clang 2.1.2 4.20 71.64 75.84 OK
r-devel-linux-x86_64-debian-gcc 2.1.2 3.32 49.67 52.99 OK
r-devel-linux-x86_64-fedora-clang 2.1.2 91.76 NOTE
r-devel-linux-x86_64-fedora-gcc 2.1.2 84.82 NOTE
r-devel-windows-ix86+x86_64 2.1.2 7.00 80.00 87.00 OK
r-patched-linux-x86_64 2.1.2 4.10 67.35 71.45 OK
r-patched-solaris-x86 2.1.2 148.50 NOTE
r-release-linux-x86_64 2.1.2 3.93 66.37 70.30 OK
r-release-windows-ix86+x86_64 2.1.2 13.00 106.00 119.00 OK
r-release-osx-x86_64 2.1.2 NOTE
r-oldrel-windows-ix86+x86_64 2.1.2 8.00 111.00 119.00 OK
r-oldrel-osx-x86_64 2.1.2 NOTE

Check Details

Version: 2.1.2
Check: dependencies in R code
Result: NOTE
    Namespace in Imports field not imported from: ‘RColorBrewer’
     All declared Imports should be used.
Flavors: r-devel-linux-x86_64-fedora-clang, r-devel-linux-x86_64-fedora-gcc, r-patched-solaris-x86, r-release-osx-x86_64, r-oldrel-osx-x86_64