CRAN Package Check Results for Package Lahman

Last updated on 2019-06-24 01:47:41 CEST.

Flavor Version Tinstall Tcheck Ttotal Status Flags
r-devel-linux-x86_64-debian-clang 7.0-1 9.18 71.21 80.39 OK
r-devel-linux-x86_64-debian-gcc 7.0-1 7.97 55.68 63.65 OK
r-devel-linux-x86_64-fedora-clang 7.0-1 96.54 NOTE
r-devel-linux-x86_64-fedora-gcc 7.0-1 93.91 OK
r-devel-windows-ix86+x86_64 7.0-1 21.00 123.00 144.00 NOTE
r-patched-linux-x86_64 7.0-1 8.76 69.60 78.36 OK
r-patched-solaris-x86 7.0-1 144.70 NOTE
r-release-linux-x86_64 7.0-1 9.88 69.55 79.43 OK
r-release-windows-ix86+x86_64 7.0-1 14.00 100.00 114.00 NOTE
r-release-osx-x86_64 7.0-1 NOTE
r-oldrel-windows-ix86+x86_64 7.0-1 12.00 83.00 95.00 NOTE
r-oldrel-osx-x86_64 7.0-1 NOTE

Check Details

Version: 7.0-1
Check: installed package size
Result: NOTE
     installed size is 9.1Mb
     sub-directories of 1Mb or more:
     data 8.4Mb
Flavors: r-devel-linux-x86_64-fedora-clang, r-devel-windows-ix86+x86_64, r-patched-solaris-x86, r-release-windows-ix86+x86_64, r-release-osx-x86_64, r-oldrel-windows-ix86+x86_64, r-oldrel-osx-x86_64