CRAN Package Check Results for Package Lahman

Last updated on 2019-09-17 01:50:12 CEST.

Flavor Version Tinstall Tcheck Ttotal Status Flags
r-devel-linux-x86_64-debian-clang 7.0-1 9.30 69.74 79.04 OK
r-devel-linux-x86_64-debian-gcc 7.0-1 OK
r-devel-linux-x86_64-fedora-clang 7.0-1 98.22 NOTE
r-devel-linux-x86_64-fedora-gcc 7.0-1 97.69 OK
r-devel-windows-ix86+x86_64 7.0-1 27.00 123.00 150.00 NOTE
r-patched-linux-x86_64 7.0-1 9.32 68.88 78.20 OK
r-patched-solaris-x86 7.0-1 145.20 NOTE
r-release-linux-x86_64 7.0-1 9.06 69.15 78.21 OK
r-release-windows-ix86+x86_64 7.0-1 14.00 87.00 101.00 NOTE
r-release-osx-x86_64 7.0-1 NOTE
r-oldrel-windows-ix86+x86_64 7.0-1 16.00 112.00 128.00 NOTE
r-oldrel-osx-x86_64 7.0-1 NOTE

Check Details

Version: 7.0-1
Check: installed package size
Result: NOTE
     installed size is 9.1Mb
     sub-directories of 1Mb or more:
     data 8.4Mb
Flavors: r-devel-linux-x86_64-fedora-clang, r-devel-windows-ix86+x86_64, r-patched-solaris-x86, r-release-windows-ix86+x86_64, r-release-osx-x86_64, r-oldrel-windows-ix86+x86_64, r-oldrel-osx-x86_64