CRAN Package Check Results for Package LW1949

Last updated on 2019-06-26 01:54:23 CEST.

Flavor Version Tinstall Tcheck Ttotal Status Flags
r-devel-linux-x86_64-debian-clang 1.1.0 8.44 70.72 79.16 OK
r-devel-linux-x86_64-debian-gcc 1.1.0 7.21 58.40 65.61 OK
r-devel-linux-x86_64-fedora-clang 1.1.0 96.25 OK
r-devel-linux-x86_64-fedora-gcc 1.1.0 93.18 OK
r-devel-windows-ix86+x86_64 1.1.0 20.00 118.00 138.00 OK
r-patched-linux-x86_64 1.1.0 9.45 71.31 80.76 OK
r-patched-solaris-x86 1.1.0 156.80 OK
r-release-linux-x86_64 1.1.0 8.14 72.50 80.64 OK
r-release-windows-ix86+x86_64 1.1.0 16.00 111.00 127.00 OK
r-release-osx-x86_64 1.1.0 FAIL
r-oldrel-windows-ix86+x86_64 1.1.0 9.00 74.00 83.00 OK
r-oldrel-osx-x86_64 1.1.0 OK

Check Details

Version: 1.1.0
Check: whether package can be installed
Result: FAIL
    
Flavor: r-release-osx-x86_64