CRAN Package Check Results for Package LW1949

Last updated on 2019-09-15 01:46:58 CEST.

Flavor Version Tinstall Tcheck Ttotal Status Flags
r-devel-linux-x86_64-debian-clang 1.1.0 8.27 71.41 79.68 OK
r-devel-linux-x86_64-debian-gcc 1.1.0 7.01 57.34 64.35 OK
r-devel-linux-x86_64-fedora-clang 1.1.0 97.43 OK
r-devel-linux-x86_64-fedora-gcc 1.1.0 97.97 OK
r-devel-windows-ix86+x86_64 1.1.0 20.00 83.00 103.00 OK
r-patched-linux-x86_64 1.1.0 7.64 71.48 79.12 OK
r-patched-solaris-x86 1.1.0 151.90 OK
r-release-linux-x86_64 1.1.0 8.52 71.15 79.67 OK
r-release-windows-ix86+x86_64 1.1.0 14.00 87.00 101.00 OK
r-release-osx-x86_64 1.1.0 FAIL
r-oldrel-windows-ix86+x86_64 1.1.0 12.00 73.00 85.00 OK
r-oldrel-osx-x86_64 1.1.0 OK

Check Details

Version: 1.1.0
Check: whether package can be installed
Result: FAIL
    
Flavor: r-release-osx-x86_64