CRAN Package Check Results for Package LN0SCIs

Last updated on 2019-08-20 01:48:10 CEST.

Flavor Version Tinstall Tcheck Ttotal Status Flags
r-devel-linux-x86_64-debian-clang 0.1.5 2.02 29.14 31.16 NOTE
r-devel-linux-x86_64-debian-gcc 0.1.5 1.89 22.61 24.50 NOTE
r-devel-linux-x86_64-fedora-clang 0.1.5 39.64 OK
r-devel-linux-x86_64-fedora-gcc 0.1.5 37.92 OK
r-devel-windows-ix86+x86_64 0.1.5 6.00 50.00 56.00 NOTE
r-patched-linux-x86_64 0.1.5 2.13 28.13 30.26 OK
r-patched-solaris-x86 0.1.5 50.60 OK
r-release-linux-x86_64 0.1.5 2.21 28.80 31.01 OK
r-release-windows-ix86+x86_64 0.1.5 5.00 41.00 46.00 OK
r-release-osx-x86_64 0.1.5 OK
r-oldrel-windows-ix86+x86_64 0.1.5 4.00 55.00 59.00 OK
r-oldrel-osx-x86_64 0.1.5 OK

Check Details

Version: 0.1.5
Check: package vignettes
Result: NOTE
    Package vignette with placeholder title 'Vignette Title':
     'LN0SCIs-tutorial.Rmd'
Flavors: r-devel-linux-x86_64-debian-clang, r-devel-linux-x86_64-debian-gcc, r-devel-windows-ix86+x86_64