CRAN Package Check Results for Package LN0SCIs

Last updated on 2019-12-11 00:49:23 CET.

Flavor Version Tinstall Tcheck Ttotal Status Flags
r-devel-linux-x86_64-debian-clang 0.1.5 2.40 29.55 31.95 NOTE
r-devel-linux-x86_64-debian-gcc 0.1.5 2.08 23.19 25.27 NOTE
r-devel-linux-x86_64-fedora-clang 0.1.5 39.99 OK
r-devel-linux-x86_64-fedora-gcc 0.1.5 38.29 OK
r-devel-windows-ix86+x86_64 0.1.5 5.00 38.00 43.00 NOTE
r-devel-windows-ix86+x86_64-gcc8 0.1.5 5.00 39.00 44.00 NOTE
r-patched-linux-x86_64 0.1.5 1.95 27.82 29.77 OK
r-patched-solaris-x86 0.1.5 48.30 OK
r-release-linux-x86_64 0.1.5 2.14 27.94 30.08 OK
r-release-windows-ix86+x86_64 0.1.5 6.00 39.00 45.00 OK
r-release-osx-x86_64 0.1.5 OK
r-oldrel-windows-ix86+x86_64 0.1.5 2.00 40.00 42.00 OK
r-oldrel-osx-x86_64 0.1.5 OK

Check Details

Version: 0.1.5
Check: package vignettes
Result: NOTE
    Package vignette with placeholder title 'Vignette Title':
     'LN0SCIs-tutorial.Rmd'
Flavors: r-devel-linux-x86_64-debian-clang, r-devel-linux-x86_64-debian-gcc, r-devel-windows-ix86+x86_64, r-devel-windows-ix86+x86_64-gcc8